CRAN Package Check Results for Package RPEGLMEN

Last updated on 2021-03-04 00:48:08 CET.

Flavor Version Tinstall Tcheck Ttotal Status Flags
r-devel-linux-x86_64-debian-clang 1.1.0 55.21 34.49 89.70 OK
r-devel-linux-x86_64-debian-gcc 1.1.0 31.39 27.40 58.79 OK
r-devel-linux-x86_64-fedora-clang 1.1.0 125.72 NOTE
r-devel-linux-x86_64-fedora-gcc 1.1.0 104.23 OK
r-devel-windows-ix86+x86_64 1.1.0 115.00 78.00 193.00 OK
r-patched-linux-x86_64 1.1.0 37.70 34.69 72.39 OK
r-patched-solaris-x86 1.1.0 111.60 OK
r-release-linux-x86_64 1.1.0 37.92 34.97 72.89 OK
r-release-macos-x86_64 1.1.0 NOTE
r-release-windows-ix86+x86_64 1.1.0 96.00 56.00 152.00 OK
r-oldrel-macos-x86_64 1.1.0 NOTE
r-oldrel-windows-ix86+x86_64 1.1.0 98.00 70.00 168.00 OK

Check Details

Version: 1.1.0
Check: installed package size
Result: NOTE
     installed size is 6.7Mb
     sub-directories of 1Mb or more:
     libs 6.3Mb
Flavors: r-devel-linux-x86_64-fedora-clang, r-release-macos-x86_64, r-oldrel-macos-x86_64