CRAN Package Check Results for Package RPostgres

Last updated on 2021-03-04 00:48:08 CET.

Flavor Version Tinstall Tcheck Ttotal Status Flags
r-devel-linux-x86_64-debian-clang 1.3.1 178.68 47.85 226.53 OK
r-devel-linux-x86_64-debian-gcc 1.3.1 101.97 37.19 139.16 OK
r-devel-linux-x86_64-fedora-clang 1.3.1 320.58 OK
r-devel-linux-x86_64-fedora-gcc 1.3.1 256.35 OK
r-devel-windows-ix86+x86_64 1.3.1 763.00 153.00 916.00 NOTE
r-patched-linux-x86_64 1.3.1 124.34 46.01 170.35 OK
r-patched-solaris-x86 1.3.1 225.10 OK
r-release-linux-x86_64 1.3.1 123.82 46.36 170.18 OK
r-release-macos-x86_64 1.3.1 OK
r-release-windows-ix86+x86_64 1.3.1 548.00 117.00 665.00 NOTE
r-oldrel-macos-x86_64 1.3.1 NOTE
r-oldrel-windows-ix86+x86_64 1.3.1 699.00 150.00 849.00 NOTE

Check Details

Version: 1.3.1
Check: installed package size
Result: NOTE
     installed size is 8.8Mb
     sub-directories of 1Mb or more:
     libs 8.3Mb
Flavors: r-devel-windows-ix86+x86_64, r-release-windows-ix86+x86_64, r-oldrel-macos-x86_64, r-oldrel-windows-ix86+x86_64