CRAN Package Check Results for Package Rborist

Last updated on 2021-03-04 00:48:07 CET.

Flavor Version Tinstall Tcheck Ttotal Status Flags
r-devel-linux-x86_64-debian-clang 0.2-3 197.35 35.80 233.15 OK
r-devel-linux-x86_64-debian-gcc 0.2-3 122.84 27.91 150.75 OK
r-devel-linux-x86_64-fedora-clang 0.2-3 343.52 NOTE
r-devel-linux-x86_64-fedora-gcc 0.2-3 286.16 OK
r-devel-windows-ix86+x86_64 0.2-3 441.00 95.00 536.00 OK
r-patched-linux-x86_64 0.2-3 147.06 34.38 181.44 OK
r-patched-solaris-x86 0.2-3 270.50 OK
r-release-linux-x86_64 0.2-3 147.08 34.07 181.15 OK
r-release-macos-x86_64 0.2-3 NOTE
r-release-windows-ix86+x86_64 0.2-3 439.00 75.00 514.00 OK
r-oldrel-macos-x86_64 0.2-3 NOTE
r-oldrel-windows-ix86+x86_64 0.2-3 391.00 101.00 492.00 OK

Check Details

Version: 0.2-3
Check: installed package size
Result: NOTE
     installed size is 12.5Mb
     sub-directories of 1Mb or more:
     libs 12.3Mb
Flavors: r-devel-linux-x86_64-fedora-clang, r-release-macos-x86_64, r-oldrel-macos-x86_64