Last updated on 2021-03-04 00:48:07 CET.
Flavor | Version | Tinstall | Tcheck | Ttotal | Status | Flags |
---|---|---|---|---|---|---|
r-devel-linux-x86_64-debian-clang | 5.0.3 | 39.00 | 77.47 | 116.47 | NOTE | |
r-devel-linux-x86_64-debian-gcc | 5.0.3 | 28.76 | 48.25 | 77.01 | NOTE | |
r-devel-linux-x86_64-fedora-clang | 5.0.3 | 173.28 | NOTE | |||
r-devel-linux-x86_64-fedora-gcc | 5.0.3 | 138.62 | NOTE | |||
r-devel-windows-ix86+x86_64 | 5.0.3 | 310.00 | 151.00 | 461.00 | NOTE | |
r-patched-linux-x86_64 | 5.0.3 | 36.50 | 63.36 | 99.86 | NOTE | |
r-patched-solaris-x86 | 5.0.3 | 193.90 | NOTE | |||
r-release-linux-x86_64 | 5.0.3 | 36.57 | 62.91 | 99.48 | NOTE | |
r-release-macos-x86_64 | 5.0.3 | NOTE | ||||
r-release-windows-ix86+x86_64 | 5.0.3 | 310.00 | 156.00 | 466.00 | NOTE | |
r-oldrel-macos-x86_64 | 5.0.3 | NOTE | ||||
r-oldrel-windows-ix86+x86_64 | 5.0.3 | 180.00 | 115.00 | 295.00 | NOTE |
Version: 5.0.3
Check: for GNU extensions in Makefiles
Result: NOTE
GNU make is a SystemRequirements.
Flavors: r-devel-linux-x86_64-debian-clang, r-devel-linux-x86_64-debian-gcc, r-devel-linux-x86_64-fedora-clang, r-devel-linux-x86_64-fedora-gcc, r-devel-windows-ix86+x86_64, r-patched-linux-x86_64, r-patched-solaris-x86, r-release-linux-x86_64, r-release-macos-x86_64, r-release-windows-ix86+x86_64, r-oldrel-macos-x86_64, r-oldrel-windows-ix86+x86_64
Version: 5.0.3
Check: installed package size
Result: NOTE
installed size is 6.0Mb
sub-directories of 1Mb or more:
include 2.4Mb
lib 3.3Mb
Flavors: r-devel-linux-x86_64-fedora-clang, r-devel-windows-ix86+x86_64, r-patched-solaris-x86, r-release-windows-ix86+x86_64, r-oldrel-windows-ix86+x86_64