CRAN Package Check Results for Package RtutoR

Last updated on 2021-03-04 00:48:09 CET.

Flavor Version Tinstall Tcheck Ttotal Status Flags
r-devel-linux-x86_64-debian-clang 1.2 18.40 133.44 151.84 OK
r-devel-linux-x86_64-debian-gcc 1.2 14.41 99.09 113.50 OK
r-devel-linux-x86_64-fedora-clang 1.2 199.05 NOTE
r-devel-linux-x86_64-fedora-gcc 1.2 182.96 NOTE
r-devel-windows-ix86+x86_64 1.2 37.00 143.00 180.00 OK
r-patched-linux-x86_64 1.2 16.16 122.29 138.45 OK
r-release-linux-x86_64 1.2 16.01 121.86 137.87 OK
r-release-macos-x86_64 1.2 NOTE
r-release-windows-ix86+x86_64 1.2 28.00 111.00 139.00 OK
r-oldrel-macos-x86_64 1.2 NOTE
r-oldrel-windows-ix86+x86_64 1.2 33.00 133.00 166.00 OK

Check Details

Version: 1.2
Check: dependencies in R code
Result: NOTE
    Namespaces in Imports field not imported from:
     ‘DT’ ‘rmarkdown’
     All declared Imports should be used.
Flavors: r-devel-linux-x86_64-fedora-clang, r-devel-linux-x86_64-fedora-gcc, r-release-macos-x86_64, r-oldrel-macos-x86_64