CRAN Package Check Results for Package SAFARI

Last updated on 2021-03-04 00:48:09 CET.

Flavor Version Tinstall Tcheck Ttotal Status Flags
r-devel-linux-x86_64-debian-clang 0.1.0 4.39 45.67 50.06 OK
r-devel-linux-x86_64-debian-gcc 0.1.0 4.32 35.20 39.52 OK
r-devel-linux-x86_64-fedora-clang 0.1.0 73.18 OK
r-devel-linux-x86_64-fedora-gcc 0.1.0 65.22 OK
r-devel-windows-ix86+x86_64 0.1.0 14.00 69.00 83.00 OK
r-patched-linux-x86_64 0.1.0 5.71 42.78 48.49 OK
r-patched-solaris-x86 0.1.0 101.30 OK
r-release-linux-x86_64 0.1.0 5.74 42.97 48.71 OK
r-release-macos-x86_64 0.1.0 OK
r-release-windows-ix86+x86_64 0.1.0 15.00 69.00 84.00 OK
r-oldrel-macos-x86_64 0.1.0 NOTE
r-oldrel-windows-ix86+x86_64 0.1.0 10.00 62.00 72.00 WARN

Check Details

Version: 0.1.0
Check: R code for possible problems
Result: NOTE
    rc.plot: no visible global function definition for ‘plot’
    Undefined global functions or variables:
     plot
    Consider adding
     importFrom("graphics", "plot")
    to your NAMESPACE file.
Flavors: r-oldrel-macos-x86_64, r-oldrel-windows-ix86+x86_64

Version: 0.1.0
Check: whether package can be installed
Result: WARN
    Found the following significant warnings:
     Warning: namespace 'Rcpp' is not available and has been replaced
Flavor: r-oldrel-windows-ix86+x86_64