CRAN Package Check Results for Package SLBDD

Last updated on 2021-03-04 00:48:10 CET.

Flavor Version Tinstall Tcheck Ttotal Status Flags
r-devel-linux-x86_64-debian-clang 0.0.1 30.02 250.51 280.53 OK
r-devel-linux-x86_64-debian-gcc 0.0.1 25.33 184.03 209.36 OK
r-devel-linux-x86_64-fedora-clang 0.0.1 342.05 NOTE
r-devel-linux-x86_64-fedora-gcc 0.0.1 330.17 NOTE
r-devel-windows-ix86+x86_64 0.0.1 55.00 278.00 333.00 NOTE
r-patched-linux-x86_64 0.0.1 21.31 231.10 252.41 OK
r-patched-solaris-x86 0.0.1 414.70 NOTE
r-release-linux-x86_64 0.0.1 19.89 232.26 252.15 OK
r-release-macos-x86_64 0.0.1 NOTE
r-release-windows-ix86+x86_64 0.0.1 58.00 280.00 338.00 NOTE
r-oldrel-macos-x86_64 0.0.1 WARN
r-oldrel-windows-ix86+x86_64 0.0.1 49.00 259.00 308.00 NOTE

Check Details

Version: 0.0.1
Check: installed package size
Result: NOTE
     installed size is 7.1Mb
     sub-directories of 1Mb or more:
     data 6.6Mb
Flavors: r-devel-linux-x86_64-fedora-clang, r-devel-windows-ix86+x86_64, r-patched-solaris-x86, r-release-macos-x86_64, r-release-windows-ix86+x86_64, r-oldrel-macos-x86_64, r-oldrel-windows-ix86+x86_64

Version: 0.0.1
Check: data for non-ASCII characters
Result: NOTE
     Note: found 23 marked UTF-8 strings
Flavors: r-devel-linux-x86_64-fedora-clang, r-devel-linux-x86_64-fedora-gcc, r-patched-solaris-x86, r-release-macos-x86_64, r-oldrel-macos-x86_64

Version: 0.0.1
Check: whether package can be installed
Result: WARN
    Found the following significant warnings:
     Warning: 'rgl.init' failed, running with 'rgl.useNULL = TRUE'.
Flavor: r-oldrel-macos-x86_64