Last updated on 2021-03-04 00:48:10 CET.
Flavor | Version | Tinstall | Tcheck | Ttotal | Status | Flags |
---|---|---|---|---|---|---|
r-devel-linux-x86_64-debian-clang | 0.1.0 | 7.59 | 54.53 | 62.12 | NOTE | |
r-devel-linux-x86_64-debian-gcc | 0.1.0 | 6.36 | 42.28 | 48.64 | NOTE | |
r-devel-linux-x86_64-fedora-clang | 0.1.0 | 86.73 | OK | |||
r-devel-linux-x86_64-fedora-gcc | 0.1.0 | 80.79 | OK | |||
r-devel-windows-ix86+x86_64 | 0.1.0 | 18.00 | 77.00 | 95.00 | NOTE | |
r-patched-linux-x86_64 | 0.1.0 | 8.32 | 52.61 | 60.93 | NOTE | |
r-patched-solaris-x86 | 0.1.0 | 123.20 | OK | |||
r-release-linux-x86_64 | 0.1.0 | 8.02 | 52.72 | 60.74 | NOTE | |
r-release-macos-x86_64 | 0.1.0 | OK | ||||
r-release-windows-ix86+x86_64 | 0.1.0 | 15.00 | 68.00 | 83.00 | NOTE | |
r-oldrel-macos-x86_64 | 0.1.0 | OK | ||||
r-oldrel-windows-ix86+x86_64 | 0.1.0 | 15.00 | 70.00 | 85.00 | OK |
Version: 0.1.0
Check: package vignettes
Result: NOTE
Package vignette with placeholder title 'Vignette Title':
'SI.Rmd'
Flavors: r-devel-linux-x86_64-debian-clang, r-devel-linux-x86_64-debian-gcc, r-devel-windows-ix86+x86_64, r-patched-linux-x86_64, r-release-linux-x86_64, r-release-windows-ix86+x86_64