Last updated on 2021-03-04 00:48:10 CET.
Flavor | Version | Tinstall | Tcheck | Ttotal | Status | Flags |
---|---|---|---|---|---|---|
r-devel-linux-x86_64-debian-clang | 4.8 | 25.48 | 267.74 | 293.22 | OK | |
r-devel-linux-x86_64-debian-gcc | 4.8 | 21.90 | 202.44 | 224.34 | OK | |
r-devel-linux-x86_64-fedora-clang | 4.8 | 355.65 | OK | |||
r-devel-linux-x86_64-fedora-gcc | 4.8 | 353.87 | OK | |||
r-devel-windows-ix86+x86_64 | 4.8 | 48.00 | 458.00 | 506.00 | OK | |
r-patched-linux-x86_64 | 4.8 | 24.05 | 256.28 | 280.33 | OK | |
r-patched-solaris-x86 | 4.8 | 589.20 | OK | |||
r-release-linux-x86_64 | 4.8 | 24.21 | 255.28 | 279.49 | OK | |
r-release-macos-x86_64 | 4.8 | OK | ||||
r-release-windows-ix86+x86_64 | 4.8 | 45.00 | 413.00 | 458.00 | OK | |
r-oldrel-macos-x86_64 | 4.8 | NOTE | ||||
r-oldrel-windows-ix86+x86_64 | 4.8 | 63.00 | 444.00 | 507.00 | OK |
Version: 4.8
Check: dependencies in R code
Result: NOTE
No protocol specified
No protocol specified
Flavor: r-oldrel-macos-x86_64