Last updated on 2021-03-04 00:48:10 CET.
Flavor | Version | Tinstall | Tcheck | Ttotal | Status | Flags |
---|---|---|---|---|---|---|
r-devel-linux-x86_64-debian-clang | 2.2 | 9.62 | 110.18 | 119.80 | OK | |
r-devel-linux-x86_64-debian-gcc | 2.2 | 7.63 | 81.60 | 89.23 | OK | |
r-devel-linux-x86_64-fedora-clang | 2.2 | 153.01 | OK | |||
r-devel-linux-x86_64-fedora-gcc | 2.2 | 146.13 | OK | |||
r-devel-windows-ix86+x86_64 | 2.2 | 23.00 | 146.00 | 169.00 | OK | |
r-patched-linux-x86_64 | 2.2 | 8.46 | 101.57 | 110.03 | OK | |
r-patched-solaris-x86 | 2.2 | 187.90 | NOTE | |||
r-release-linux-x86_64 | 2.2 | 9.11 | 101.74 | 110.85 | OK | |
r-release-macos-x86_64 | 2.2 | NOTE | ||||
r-release-windows-ix86+x86_64 | 2.2 | 17.00 | 131.00 | 148.00 | OK | |
r-oldrel-macos-x86_64 | 2.2 | NOTE | ||||
r-oldrel-windows-ix86+x86_64 | 2.2 | 17.00 | 132.00 | 149.00 | OK |
Version: 2.2
Check: installed package size
Result: NOTE
installed size is 5.1Mb
sub-directories of 1Mb or more:
doc 4.5Mb
Flavor: r-patched-solaris-x86
Version: 2.2
Check: package dependencies
Result: NOTE
Package suggested but not available for checking: ‘doMPI’
Flavors: r-release-macos-x86_64, r-oldrel-macos-x86_64