Last updated on 2021-03-04 00:48:11 CET.
Flavor | Version | Tinstall | Tcheck | Ttotal | Status | Flags |
---|---|---|---|---|---|---|
r-devel-linux-x86_64-debian-clang | 1.5 | 4.46 | 64.36 | 68.82 | OK | |
r-devel-linux-x86_64-debian-gcc | 1.5 | 4.27 | 47.68 | 51.95 | OK | |
r-devel-linux-x86_64-fedora-clang | 1.5 | 91.61 | OK | |||
r-devel-linux-x86_64-fedora-gcc | 1.5 | 80.58 | OK | |||
r-devel-windows-ix86+x86_64 | 1.5 | 14.00 | 87.00 | 101.00 | OK | |
r-patched-linux-x86_64 | 1.5 | 6.10 | 60.70 | 66.80 | OK | |
r-patched-solaris-x86 | 1.5 | 111.10 | OK | |||
r-release-linux-x86_64 | 1.5 | 5.51 | 60.26 | 65.77 | OK | |
r-release-macos-x86_64 | 1.5 | OK | ||||
r-release-windows-ix86+x86_64 | 1.5 | 12.00 | 86.00 | 98.00 | OK | |
r-oldrel-macos-x86_64 | 1.5 | WARN | ||||
r-oldrel-windows-ix86+x86_64 | 1.5 | 14.00 | 88.00 | 102.00 | OK |
Version: 1.5
Check: whether package can be installed
Result: WARN
Found the following significant warnings:
Warning: 'rgl.init' failed, running with 'rgl.useNULL = TRUE'.
Flavor: r-oldrel-macos-x86_64