Last updated on 2021-03-04 00:48:11 CET.
Flavor | Version | Tinstall | Tcheck | Ttotal | Status | Flags |
---|---|---|---|---|---|---|
r-devel-linux-x86_64-debian-clang | 0.1.3 | 31.00 | 306.89 | 337.89 | OK | |
r-devel-linux-x86_64-debian-gcc | 0.1.3 | 25.17 | 224.75 | 249.92 | OK | |
r-devel-linux-x86_64-fedora-clang | 0.1.3 | 409.33 | NOTE | |||
r-devel-linux-x86_64-fedora-gcc | 0.1.3 | 398.23 | NOTE | |||
r-devel-windows-ix86+x86_64 | 0.1.3 | 59.00 | 365.00 | 424.00 | OK | |
r-patched-linux-x86_64 | 0.1.3 | 29.76 | 287.82 | 317.58 | OK | |
r-patched-solaris-x86 | 0.1.3 | 440.70 | NOTE | |||
r-release-linux-x86_64 | 0.1.3 | 30.73 | 284.91 | 315.64 | OK | |
r-release-macos-x86_64 | 0.1.3 | NOTE | ||||
r-release-windows-ix86+x86_64 | 0.1.3 | 39.00 | 288.00 | 327.00 | OK | |
r-oldrel-macos-x86_64 | 0.1.3 | NOTE | ||||
r-oldrel-windows-ix86+x86_64 | 0.1.3 | 54.00 | 331.00 | 385.00 | OK |
Version: 0.1.3
Check: dependencies in R code
Result: NOTE
Namespaces in Imports field not imported from:
‘UpSetR’ ‘alluvial’ ‘gridBase’
All declared Imports should be used.
Flavors: r-devel-linux-x86_64-fedora-clang, r-devel-linux-x86_64-fedora-gcc, r-patched-solaris-x86, r-release-macos-x86_64, r-oldrel-macos-x86_64