Last updated on 2021-03-04 00:48:12 CET.
Flavor | Version | Tinstall | Tcheck | Ttotal | Status | Flags |
---|---|---|---|---|---|---|
r-devel-linux-x86_64-debian-clang | 0.2.1 | 37.81 | 101.30 | 139.11 | OK | |
r-devel-linux-x86_64-debian-gcc | 0.2.1 | 25.91 | 77.60 | 103.51 | OK | |
r-devel-linux-x86_64-fedora-clang | 0.2.1 | 182.51 | NOTE | |||
r-devel-linux-x86_64-fedora-gcc | 0.2.1 | 163.12 | NOTE | |||
r-devel-windows-ix86+x86_64 | 0.2.1 | 87.00 | 192.00 | 279.00 | OK | |
r-patched-linux-x86_64 | 0.2.1 | 29.45 | 94.27 | 123.72 | OK | |
r-patched-solaris-x86 | 0.2.1 | 217.90 | NOTE | |||
r-release-linux-x86_64 | 0.2.1 | 31.06 | 94.56 | 125.62 | OK | |
r-release-macos-x86_64 | 0.2.1 | NOTE | ||||
r-release-windows-ix86+x86_64 | 0.2.1 | 67.00 | 146.00 | 213.00 | OK | |
r-oldrel-macos-x86_64 | 0.2.1 | NOTE | ||||
r-oldrel-windows-ix86+x86_64 | 0.2.1 | 76.00 | 183.00 | 259.00 | OK |
Version: 0.2.1
Check: dependencies in R code
Result: NOTE
Namespace in Imports field not imported from: ‘foreach’
All declared Imports should be used.
Flavors: r-devel-linux-x86_64-fedora-clang, r-devel-linux-x86_64-fedora-gcc, r-patched-solaris-x86, r-release-macos-x86_64, r-oldrel-macos-x86_64