CRAN Package Check Results for Package TCA

Last updated on 2021-03-04 00:48:12 CET.

Flavor Version Tinstall Tcheck Ttotal Status Flags
r-devel-linux-x86_64-debian-clang 1.2.1 10.05 83.42 93.47 OK
r-devel-linux-x86_64-debian-gcc 1.2.1 8.51 61.78 70.29 OK
r-devel-linux-x86_64-fedora-clang 1.2.1 120.02 NOTE
r-devel-linux-x86_64-fedora-gcc 1.2.1 107.17 NOTE
r-devel-windows-ix86+x86_64 1.2.1 23.00 101.00 124.00 OK
r-patched-linux-x86_64 1.2.1 8.33 76.78 85.11 OK
r-patched-solaris-x86 1.2.1 150.40 NOTE
r-release-linux-x86_64 1.2.1 9.30 76.99 86.29 OK
r-release-macos-x86_64 1.2.1 NOTE
r-release-windows-ix86+x86_64 1.2.1 14.00 78.00 92.00 OK
r-oldrel-macos-x86_64 1.2.1 NOTE
r-oldrel-windows-ix86+x86_64 1.2.1 19.00 91.00 110.00 OK

Check Details

Version: 1.2.1
Check: dependencies in R code
Result: NOTE
    Namespaces in Imports field not imported from:
     ‘Matrix’ ‘quadprog’
     All declared Imports should be used.
Flavors: r-devel-linux-x86_64-fedora-clang, r-devel-linux-x86_64-fedora-gcc, r-patched-solaris-x86, r-release-macos-x86_64, r-oldrel-macos-x86_64