Last updated on 2021-03-04 00:48:12 CET.
Flavor | Version | Tinstall | Tcheck | Ttotal | Status | Flags |
---|---|---|---|---|---|---|
r-devel-linux-x86_64-debian-clang | 2.1.0 | 29.41 | 138.81 | 168.22 | NOTE | |
r-devel-linux-x86_64-debian-gcc | 2.1.0 | 17.36 | 102.86 | 120.22 | NOTE | |
r-devel-linux-x86_64-fedora-clang | 2.1.0 | 211.49 | NOTE | |||
r-devel-linux-x86_64-fedora-gcc | 2.1.0 | 192.36 | NOTE | |||
r-devel-windows-ix86+x86_64 | 2.1.0 | 54.00 | 217.00 | 271.00 | OK | |
r-patched-linux-x86_64 | 2.1.0 | 23.43 | 131.96 | 155.39 | NOTE | |
r-patched-solaris-x86 | 2.1.0 | 256.50 | NOTE | |||
r-release-linux-x86_64 | 2.1.0 | 22.66 | 129.40 | 152.06 | NOTE | |
r-release-macos-x86_64 | 2.1.0 | OK | ||||
r-release-windows-ix86+x86_64 | 2.1.0 | 40.00 | 166.00 | 206.00 | OK | |
r-oldrel-macos-x86_64 | 2.1.0 | OK | ||||
r-oldrel-windows-ix86+x86_64 | 2.1.0 | 49.00 | 203.00 | 252.00 | OK |
Version: 2.1.0
Check: for non-standard things in the check directory
Result: NOTE
Found the following files/directories:
'ExtinctionRateChanges.txt' 'ExtinctionRates.txt'
'MassExtinctionTimes.txt' 'SpeciationRateChanges.txt'
'SpeciationRates.txt' 'SurvivalProbabilities.txt' 'analysis_conifer'
'input_tree.tre' 'run_1' 'run_2' 'samples_numCategories.txt'
Flavors: r-devel-linux-x86_64-debian-clang, r-devel-linux-x86_64-debian-gcc, r-devel-linux-x86_64-fedora-clang, r-devel-linux-x86_64-fedora-gcc, r-patched-linux-x86_64, r-patched-solaris-x86, r-release-linux-x86_64
Version: 2.1.0
Check: compiled code
Result: NOTE
File ‘TESS/libs/TESS.so’:
Found no calls to: ‘R_registerRoutines’, ‘R_useDynamicSymbols’
It is good practice to register native routines and to disable symbol
search.
See ‘Writing portable packages’ in the ‘Writing R Extensions’ manual.
Flavors: r-devel-linux-x86_64-fedora-clang, r-devel-linux-x86_64-fedora-gcc