Last updated on 2021-03-04 00:48:12 CET.
Flavor | Version | Tinstall | Tcheck | Ttotal | Status | Flags |
---|---|---|---|---|---|---|
r-devel-linux-x86_64-debian-clang | 1.0.1 | 4.10 | 34.70 | 38.80 | OK | |
r-devel-linux-x86_64-debian-gcc | 1.0.1 | 3.39 | 26.93 | 30.32 | OK | |
r-devel-linux-x86_64-fedora-clang | 1.0.1 | 56.36 | NOTE | |||
r-devel-linux-x86_64-fedora-gcc | 1.0.1 | 46.14 | NOTE | |||
r-devel-windows-ix86+x86_64 | 1.0.1 | 10.00 | 50.00 | 60.00 | OK | |
r-patched-linux-x86_64 | 1.0.1 | 3.93 | 33.47 | 37.40 | OK | |
r-patched-solaris-x86 | 1.0.1 | 69.30 | NOTE | |||
r-release-linux-x86_64 | 1.0.1 | 4.82 | 33.71 | 38.53 | OK | |
r-release-macos-x86_64 | 1.0.1 | NOTE | ||||
r-release-windows-ix86+x86_64 | 1.0.1 | 5.00 | 38.00 | 43.00 | OK | |
r-oldrel-macos-x86_64 | 1.0.1 | NOTE | ||||
r-oldrel-windows-ix86+x86_64 | 1.0.1 | 7.00 | 46.00 | 53.00 | OK |
Version: 1.0.1
Check: dependencies in R code
Result: NOTE
Namespace in Imports field not imported from: ‘ggm’
All declared Imports should be used.
Flavors: r-devel-linux-x86_64-fedora-clang, r-devel-linux-x86_64-fedora-gcc, r-patched-solaris-x86, r-release-macos-x86_64, r-oldrel-macos-x86_64