CRAN Package Check Results for Package UCSCXenaTools

Last updated on 2021-03-04 00:48:13 CET.

Flavor Version Tinstall Tcheck Ttotal Status Flags
r-devel-linux-x86_64-debian-clang 1.4.0 6.71 66.04 72.75 OK
r-devel-linux-x86_64-debian-gcc 1.4.0 5.08 48.09 53.17 OK
r-devel-linux-x86_64-fedora-clang 1.4.0 92.89 NOTE
r-devel-linux-x86_64-fedora-gcc 1.4.0 83.00 NOTE
r-devel-windows-ix86+x86_64 1.4.0 25.00 105.00 130.00 OK
r-patched-linux-x86_64 1.4.0 5.58 60.58 66.16 OK
r-patched-solaris-x86 1.4.0 109.70 NOTE
r-release-linux-x86_64 1.4.0 5.89 60.27 66.16 OK
r-release-macos-x86_64 1.4.0 NOTE
r-release-windows-ix86+x86_64 1.4.0 15.00 82.00 97.00 OK
r-oldrel-macos-x86_64 1.4.0 NOTE
r-oldrel-windows-ix86+x86_64 1.4.0 13.00 101.00 114.00 OK

Check Details

Version: 1.4.0
Check: data for non-ASCII characters
Result: NOTE
     Note: found 2 marked UTF-8 strings
Flavors: r-devel-linux-x86_64-fedora-clang, r-devel-linux-x86_64-fedora-gcc, r-patched-solaris-x86, r-release-macos-x86_64, r-oldrel-macos-x86_64