Last updated on 2021-03-04 00:48:13 CET.
Flavor | Version | Tinstall | Tcheck | Ttotal | Status | Flags |
---|---|---|---|---|---|---|
r-devel-linux-x86_64-debian-clang | 3.3 | 68.42 | 115.27 | 183.69 | OK | |
r-devel-linux-x86_64-debian-gcc | 3.3 | 39.93 | 81.79 | 121.72 | OK | |
r-devel-linux-x86_64-fedora-clang | 3.3 | 233.23 | OK | |||
r-devel-linux-x86_64-fedora-gcc | 3.3 | 203.69 | OK | |||
r-devel-windows-ix86+x86_64 | 3.3 | 137.00 | 199.00 | 336.00 | OK | |
r-patched-linux-x86_64 | 3.3 | 37.64 | 103.11 | 140.75 | OK | |
r-patched-solaris-x86 | 3.3 | 253.20 | OK | |||
r-release-linux-x86_64 | 3.3 | 33.85 | 102.53 | 136.38 | OK | |
r-release-macos-x86_64 | 3.3 | OK | ||||
r-release-windows-ix86+x86_64 | 3.3 | 104.00 | 152.00 | 256.00 | OK | |
r-oldrel-macos-x86_64 | 3.3 | NOTE | ||||
r-oldrel-windows-ix86+x86_64 | 3.3 | 130.00 | 187.00 | 317.00 | OK |
Version: 3.3
Check: dependencies in R code
Result: NOTE
No protocol specified
Flavor: r-oldrel-macos-x86_64