Last updated on 2021-03-04 00:48:13 CET.
Flavor | Version | Tinstall | Tcheck | Ttotal | Status | Flags |
---|---|---|---|---|---|---|
r-devel-linux-x86_64-debian-clang | 1.4.0 | 6.95 | 117.57 | 124.52 | OK | |
r-devel-linux-x86_64-debian-gcc | 1.4.0 | 6.43 | 85.33 | 91.76 | OK | |
r-devel-linux-x86_64-fedora-clang | 1.4.0 | 154.79 | NOTE | |||
r-devel-linux-x86_64-fedora-gcc | 1.4.0 | 153.76 | OK | |||
r-devel-windows-ix86+x86_64 | 1.4.0 | 18.00 | 136.00 | 154.00 | NOTE | |
r-patched-linux-x86_64 | 1.4.0 | 7.86 | 107.86 | 115.72 | OK | |
r-patched-solaris-x86 | 1.4.0 | 185.70 | NOTE | |||
r-release-linux-x86_64 | 1.4.0 | 7.46 | 107.61 | 115.07 | OK | |
r-release-macos-x86_64 | 1.4.0 | NOTE | ||||
r-release-windows-ix86+x86_64 | 1.4.0 | 12.00 | 99.00 | 111.00 | NOTE | |
r-oldrel-macos-x86_64 | 1.4.0 | NOTE | ||||
r-oldrel-windows-ix86+x86_64 | 1.4.0 | 15.00 | 138.00 | 153.00 | NOTE |
Version: 1.4.0
Check: installed package size
Result: NOTE
installed size is 8.1Mb
sub-directories of 1Mb or more:
doc 7.6Mb
Flavors: r-devel-linux-x86_64-fedora-clang, r-devel-windows-ix86+x86_64, r-patched-solaris-x86, r-release-macos-x86_64, r-release-windows-ix86+x86_64, r-oldrel-macos-x86_64, r-oldrel-windows-ix86+x86_64