CRAN Package Check Results for Package VTrack

Last updated on 2021-03-04 00:48:13 CET.

Flavor Version Tinstall Tcheck Ttotal Status Flags
r-devel-linux-x86_64-debian-clang 1.21 22.88 196.43 219.31 OK
r-devel-linux-x86_64-debian-gcc 1.21 20.08 146.07 166.15 OK
r-devel-linux-x86_64-fedora-clang 1.21 271.92 NOTE
r-devel-linux-x86_64-fedora-gcc 1.21 258.98 NOTE
r-devel-windows-ix86+x86_64 1.21 50.00 224.00 274.00 OK
r-patched-linux-x86_64 1.21 17.67 178.48 196.15 OK
r-patched-solaris-x86 1.21 399.20 NOTE
r-release-linux-x86_64 1.21 16.39 178.54 194.93 OK
r-release-macos-x86_64 1.21 NOTE
r-release-windows-ix86+x86_64 1.21 39.00 168.00 207.00 OK
r-oldrel-macos-x86_64 1.21 NOTE
r-oldrel-windows-ix86+x86_64 1.21 44.00 206.00 250.00 OK

Check Details

Version: 1.21
Check: dependencies in R code
Result: NOTE
    Namespaces in Imports field not imported from:
     ‘Hmisc’ ‘XML’ ‘checkmate’ ‘gstat’ ‘intervals’
     All declared Imports should be used.
Flavors: r-devel-linux-x86_64-fedora-clang, r-devel-linux-x86_64-fedora-gcc, r-patched-solaris-x86, r-release-macos-x86_64, r-oldrel-macos-x86_64