Last updated on 2021-03-04 00:48:13 CET.
Flavor | Version | Tinstall | Tcheck | Ttotal | Status | Flags |
---|---|---|---|---|---|---|
r-devel-linux-x86_64-debian-clang | 1.70-3 | 68.00 | 356.11 | 424.11 | OK | |
r-devel-linux-x86_64-debian-gcc | 1.70-3 | 49.32 | 263.66 | 312.98 | OK | |
r-devel-linux-x86_64-fedora-clang | 1.70-3 | 537.42 | OK | |||
r-devel-linux-x86_64-fedora-gcc | 1.70-3 | 479.05 | OK | |||
r-devel-windows-ix86+x86_64 | 1.69 | 136.00 | 523.00 | 659.00 | NOTE | |
r-patched-linux-x86_64 | 1.70-3 | 47.56 | 321.87 | 369.43 | OK | |
r-patched-solaris-x86 | 1.70-3 | 585.10 | OK | |||
r-release-linux-x86_64 | 1.70-3 | 45.72 | 321.51 | 367.23 | OK | |
r-release-macos-x86_64 | 1.69 | OK | ||||
r-release-windows-ix86+x86_64 | 1.70-3 | 132.00 | 525.00 | 657.00 | NOTE | |
r-oldrel-macos-x86_64 | 1.70-3 | ERROR | ||||
r-oldrel-windows-ix86+x86_64 | 1.69 | 119.00 | 488.00 | 607.00 | OK |
Version: 1.69
Check: installed package size
Result: NOTE
installed size is 5.1Mb
sub-directories of 1Mb or more:
R 1.2Mb
libs 2.2Mb
Flavor: r-devel-windows-ix86+x86_64
Version: 1.70-3
Check: installed package size
Result: NOTE
installed size is 5.1Mb
sub-directories of 1Mb or more:
R 1.2Mb
libs 2.2Mb
Flavor: r-release-windows-ix86+x86_64
Version: 1.70-3
Check: package dependencies
Result: ERROR
Package required but not available: ‘GO.db’
Packages suggested but not available for checking:
'org.Hs.eg.db', 'org.Mm.eg.db'
See section ‘The DESCRIPTION file’ in the ‘Writing R Extensions’
manual.
Flavor: r-oldrel-macos-x86_64