CRAN Package Check Results for Package WikidataR

Last updated on 2021-03-04 00:48:13 CET.

Flavor Version Tinstall Tcheck Ttotal Status Flags
r-devel-linux-x86_64-debian-clang 1.4.0 2.35 54.54 56.89 OK
r-devel-linux-x86_64-debian-gcc 1.4.0 1.64 41.35 42.99 OK
r-devel-linux-x86_64-fedora-clang 1.4.0 76.22 NOTE
r-devel-linux-x86_64-fedora-gcc 1.4.0 66.47 NOTE
r-devel-windows-ix86+x86_64 1.4.0 6.00 101.00 107.00 OK
r-patched-linux-x86_64 1.4.0 2.26 53.64 55.90 OK
r-patched-solaris-x86 1.4.0 89.30 NOTE
r-release-linux-x86_64 1.4.0 2.17 53.15 55.32 OK
r-release-macos-x86_64 1.4.0 NOTE
r-release-windows-ix86+x86_64 1.4.0 5.00 84.00 89.00 OK
r-oldrel-macos-x86_64 1.4.0 NOTE
r-oldrel-windows-ix86+x86_64 1.4.0 4.00 103.00 107.00 OK

Check Details

Version: 1.4.0
Check: dependencies in R code
Result: NOTE
    Namespace in Imports field not imported from: ‘utils’
     All declared Imports should be used.
Flavors: r-devel-linux-x86_64-fedora-clang, r-devel-linux-x86_64-fedora-gcc, r-patched-solaris-x86, r-release-macos-x86_64, r-oldrel-macos-x86_64