Last updated on 2021-03-04 00:48:13 CET.
Flavor | Version | Tinstall | Tcheck | Ttotal | Status | Flags |
---|---|---|---|---|---|---|
r-devel-linux-x86_64-debian-clang | 0.5.0 | 4.17 | 63.96 | 68.13 | OK | |
r-devel-linux-x86_64-debian-gcc | 0.5.0 | 3.49 | 47.30 | 50.79 | OK | |
r-devel-linux-x86_64-fedora-clang | 0.5.0 | 89.68 | NOTE | |||
r-devel-linux-x86_64-fedora-gcc | 0.5.0 | 78.97 | NOTE | |||
r-devel-windows-ix86+x86_64 | 0.5.0 | 10.00 | 79.00 | 89.00 | OK | |
r-patched-linux-x86_64 | 0.5.0 | 4.89 | 60.01 | 64.90 | OK | |
r-patched-solaris-x86 | 0.5.0 | 109.60 | NOTE | |||
r-release-linux-x86_64 | 0.5.0 | 4.41 | 59.96 | 64.37 | OK | |
r-release-macos-x86_64 | 0.5.0 | NOTE | ||||
r-release-windows-ix86+x86_64 | 0.5.0 | 12.00 | 64.00 | 76.00 | OK | |
r-oldrel-macos-x86_64 | 0.5.0 | NOTE | ||||
r-oldrel-windows-ix86+x86_64 | 0.5.0 | 10.00 | 80.00 | 90.00 | OK |
Version: 0.5.0
Check: dependencies in R code
Result: NOTE
Namespace in Imports field not imported from: ‘scales’
All declared Imports should be used.
Flavors: r-devel-linux-x86_64-fedora-clang, r-devel-linux-x86_64-fedora-gcc, r-patched-solaris-x86, r-release-macos-x86_64, r-oldrel-macos-x86_64