Last updated on 2021-03-04 00:47:51 CET.
Flavor | Version | Tinstall | Tcheck | Ttotal | Status | Flags |
---|---|---|---|---|---|---|
r-devel-linux-x86_64-debian-clang | 0.1.0 | 16.67 | 201.23 | 217.90 | OK | |
r-devel-linux-x86_64-debian-gcc | 0.1.0 | 17.40 | 149.40 | 166.80 | OK | |
r-devel-linux-x86_64-fedora-clang | 0.1.0 | 265.02 | OK | |||
r-devel-linux-x86_64-fedora-gcc | 0.1.0 | 256.56 | OK | |||
r-devel-windows-ix86+x86_64 | 0.1.0 | 46.00 | 245.00 | 291.00 | OK | |
r-patched-linux-x86_64 | 0.1.0 | 15.69 | 194.33 | 210.02 | OK | |
r-patched-solaris-x86 | 0.1.0 | 375.00 | OK | |||
r-release-linux-x86_64 | 0.1.0 | 14.08 | 193.19 | 207.27 | OK | |
r-release-macos-x86_64 | 0.1.0 | OK | ||||
r-release-windows-ix86+x86_64 | 0.1.0 | 36.00 | 184.00 | 220.00 | OK | |
r-oldrel-macos-x86_64 | 0.1.0 | ERROR |
Version: 0.1.0
Check: whether package can be installed
Result: ERROR
Installation failed.
Flavor: r-oldrel-macos-x86_64