Last updated on 2021-03-04 00:47:52 CET.
Flavor | Version | Tinstall | Tcheck | Ttotal | Status | Flags |
---|---|---|---|---|---|---|
r-devel-linux-x86_64-debian-clang | 0.5.0 | 2.44 | 28.12 | 30.56 | OK | |
r-devel-linux-x86_64-debian-gcc | 0.5.0 | 2.09 | 22.16 | 24.25 | OK | |
r-devel-linux-x86_64-fedora-clang | 0.5.0 | 46.63 | NOTE | |||
r-devel-linux-x86_64-fedora-gcc | 0.5.0 | 36.29 | NOTE | |||
r-devel-windows-ix86+x86_64 | 0.5.0 | 7.00 | 44.00 | 51.00 | OK | |
r-patched-linux-x86_64 | 0.5.0 | 2.68 | 27.32 | 30.00 | OK | |
r-patched-solaris-x86 | 0.5.0 | 58.10 | NOTE | |||
r-release-linux-x86_64 | 0.5.0 | 2.29 | 27.49 | 29.78 | OK | |
r-release-macos-x86_64 | 0.5.0 | NOTE | ||||
r-release-windows-ix86+x86_64 | 0.5.0 | 5.00 | 33.00 | 38.00 | OK | |
r-oldrel-macos-x86_64 | 0.5.0 | NOTE | ||||
r-oldrel-windows-ix86+x86_64 | 0.5.0 | 4.00 | 42.00 | 46.00 | OK |
Version: 0.5.0
Check: dependencies in R code
Result: NOTE
Namespaces in Imports field not imported from:
‘jsonlite’ ‘lifecycle’
All declared Imports should be used.
Flavors: r-devel-linux-x86_64-fedora-clang, r-devel-linux-x86_64-fedora-gcc, r-patched-solaris-x86, r-release-macos-x86_64, r-oldrel-macos-x86_64