CRAN Package Check Results for Package autota

Last updated on 2021-03-04 00:47:52 CET.

Flavor Version Tinstall Tcheck Ttotal Status Flags
r-devel-linux-x86_64-debian-clang 0.1.3 3.35 34.03 37.38 OK
r-devel-linux-x86_64-debian-gcc 0.1.3 2.60 25.53 28.13 OK
r-devel-linux-x86_64-fedora-clang 0.1.3 53.84 NOTE
r-devel-linux-x86_64-fedora-gcc 0.1.3 53.86 NOTE
r-devel-windows-ix86+x86_64 0.1.3 8.00 49.00 57.00 OK
r-patched-linux-x86_64 0.1.3 3.16 31.87 35.03 OK
r-patched-solaris-x86 0.1.3 66.60 NOTE
r-release-linux-x86_64 0.1.3 3.62 31.61 35.23 OK
r-release-macos-x86_64 0.1.3 NOTE
r-release-windows-ix86+x86_64 0.1.3 7.00 39.00 46.00 OK
r-oldrel-macos-x86_64 0.1.3 NOTE
r-oldrel-windows-ix86+x86_64 0.1.3 6.00 46.00 52.00 OK

Check Details

Version: 0.1.3
Check: dependencies in R code
Result: NOTE
    Namespace in Imports field not imported from: ‘memoise’
     All declared Imports should be used.
Flavors: r-devel-linux-x86_64-fedora-clang, r-devel-linux-x86_64-fedora-gcc, r-patched-solaris-x86, r-release-macos-x86_64, r-oldrel-macos-x86_64