Last updated on 2021-03-04 00:47:52 CET.
Flavor | Version | Tinstall | Tcheck | Ttotal | Status | Flags |
---|---|---|---|---|---|---|
r-devel-linux-x86_64-debian-clang | 1.0 | 4.11 | 61.30 | 65.41 | NOTE | |
r-devel-linux-x86_64-debian-gcc | 1.0 | 3.05 | 44.28 | 47.33 | NOTE | |
r-devel-linux-x86_64-fedora-clang | 1.0 | 84.24 | NOTE | |||
r-devel-linux-x86_64-fedora-gcc | 1.0 | 76.08 | NOTE | |||
r-devel-windows-ix86+x86_64 | 1.0 | 9.00 | 78.00 | 87.00 | NOTE | |
r-patched-linux-x86_64 | 1.0 | 3.74 | 57.44 | 61.18 | NOTE | |
r-patched-solaris-x86 | 1.0 | 97.70 | NOTE | |||
r-release-linux-x86_64 | 1.0 | 3.94 | 57.21 | 61.15 | NOTE | |
r-release-macos-x86_64 | 1.0 | NOTE | ||||
r-release-windows-ix86+x86_64 | 1.0 | 8.00 | 59.00 | 67.00 | NOTE | |
r-oldrel-macos-x86_64 | 1.0 | NOTE | ||||
r-oldrel-windows-ix86+x86_64 | 1.0 | 24.00 | 68.00 | 92.00 | NOTE |
Version: 1.0
Check: R code for possible problems
Result: NOTE
.generateTransform: no visible global function definition for 'sd'
.generateUnitHyperCube: no visible global function definition for
'runif'
.makeBoundedSingleStep: no visible global function definition for
'runif'
.makeBoundedStep: no visible global function definition for 'runif'
.makeStep: no visible global function definition for 'runif'
.staircaseSampling: no visible global function definition for 'runif'
GaussianPrior: no visible global function definition for 'qnorm'
LogNormalPrior: no visible global function definition for 'qnorm'
Undefined global functions or variables:
qnorm runif sd
Consider adding
importFrom("stats", "qnorm", "runif", "sd")
to your NAMESPACE file.
Flavors: r-devel-linux-x86_64-debian-clang, r-devel-linux-x86_64-debian-gcc, r-devel-linux-x86_64-fedora-clang, r-devel-linux-x86_64-fedora-gcc, r-devel-windows-ix86+x86_64, r-patched-linux-x86_64, r-patched-solaris-x86, r-release-linux-x86_64, r-release-macos-x86_64, r-release-windows-ix86+x86_64, r-oldrel-macos-x86_64, r-oldrel-windows-ix86+x86_64