Last updated on 2021-03-04 00:47:52 CET.
Flavor | Version | Tinstall | Tcheck | Ttotal | Status | Flags |
---|---|---|---|---|---|---|
r-devel-linux-x86_64-debian-clang | 0.3-0 | 4.57 | 230.02 | 234.59 | OK | |
r-devel-linux-x86_64-debian-gcc | 0.3-0 | 3.80 | 180.47 | 184.27 | OK | |
r-devel-linux-x86_64-fedora-clang | 0.3-0 | 283.02 | OK | |||
r-devel-linux-x86_64-fedora-gcc | 0.3-0 | 296.55 | OK | |||
r-devel-windows-ix86+x86_64 | 0.3-0 | 10.00 | 88.00 | 98.00 | OK | --no-vignettes |
r-patched-linux-x86_64 | 0.3-0 | 4.22 | 239.09 | 243.31 | OK | |
r-patched-solaris-x86 | 0.3-0 | 121.30 | OK | --no-vignettes | ||
r-release-linux-x86_64 | 0.3-0 | 4.50 | 239.22 | 243.72 | OK | |
r-release-macos-x86_64 | 0.3-0 | OK | ||||
r-release-windows-ix86+x86_64 | 0.3-0 | 9.00 | 85.00 | 94.00 | OK | --no-vignettes |
r-oldrel-macos-x86_64 | 0.3-0 | WARN | ||||
r-oldrel-windows-ix86+x86_64 | 0.3-0 | 21.00 | 93.00 | 114.00 | OK | --no-vignettes |
Version: 0.3-0
Check: whether package can be installed
Result: WARN
Found the following significant warnings:
Warning: package ‘edgeR’ was built under R version 3.6.1
Flavor: r-oldrel-macos-x86_64