Last updated on 2021-03-04 00:47:52 CET.
Flavor | Version | Tinstall | Tcheck | Ttotal | Status | Flags |
---|---|---|---|---|---|---|
r-devel-linux-x86_64-debian-clang | 1.3.1 | 2.81 | 123.84 | 126.65 | OK | |
r-devel-linux-x86_64-debian-gcc | 1.3.1 | 2.40 | 86.61 | 89.01 | OK | |
r-devel-linux-x86_64-fedora-clang | 1.3.1 | 147.27 | NOTE | |||
r-devel-linux-x86_64-fedora-gcc | 1.3.1 | 139.51 | OK | |||
r-devel-windows-ix86+x86_64 | 1.3.1 | 8.00 | 148.00 | 156.00 | OK | |
r-patched-linux-x86_64 | 1.3.1 | 3.15 | 118.61 | 121.76 | OK | |
r-patched-solaris-x86 | 1.3.1 | 173.60 | OK | |||
r-release-linux-x86_64 | 1.3.1 | 3.69 | 116.26 | 119.95 | OK | |
r-release-macos-x86_64 | 1.3.1 | OK | ||||
r-release-windows-ix86+x86_64 | 1.3.1 | 8.00 | 162.00 | 170.00 | OK | |
r-oldrel-macos-x86_64 | 1.3.1 | OK | ||||
r-oldrel-windows-ix86+x86_64 | 1.3.1 | 5.00 | 139.00 | 144.00 | OK |
Version: 1.3.1
Check: Rd cross-references
Result: NOTE
Undeclared package ‘poibin’ in Rd xrefs
Flavor: r-devel-linux-x86_64-fedora-clang