Last updated on 2021-03-04 00:47:53 CET.
Flavor | Version | Tinstall | Tcheck | Ttotal | Status | Flags |
---|---|---|---|---|---|---|
r-devel-linux-x86_64-debian-clang | 4.1-0 | 12.60 | 90.64 | 103.24 | OK | |
r-devel-linux-x86_64-debian-gcc | 4.1-0 | 9.70 | 67.56 | 77.26 | OK | |
r-devel-linux-x86_64-fedora-clang | 4.1-0 | 129.15 | NOTE | |||
r-devel-linux-x86_64-fedora-gcc | 4.1-0 | 118.47 | OK | |||
r-devel-windows-ix86+x86_64 | 4.1-0 | 28.00 | 159.00 | 187.00 | OK | |
r-patched-linux-x86_64 | 4.1-0 | 11.54 | 84.29 | 95.83 | OK | |
r-patched-solaris-x86 | 4.1-0 | 159.50 | OK | |||
r-release-linux-x86_64 | 4.1-0 | 12.05 | 83.53 | 95.58 | OK | |
r-release-macos-x86_64 | 4.1-0 | OK | ||||
r-release-windows-ix86+x86_64 | 4.1-0 | 24.00 | 129.00 | 153.00 | OK | |
r-oldrel-macos-x86_64 | 4.1-0 | OK | ||||
r-oldrel-windows-ix86+x86_64 | 4.1-0 | 26.00 | 150.00 | 176.00 | OK |
Version: 4.1-0
Check: Rd cross-references
Result: NOTE
Undeclared packages ‘rworldmap’, ‘snowFT’ in Rd xrefs
Flavor: r-devel-linux-x86_64-fedora-clang