Last updated on 2021-03-04 00:47:53 CET.
Flavor | Version | Tinstall | Tcheck | Ttotal | Status | Flags |
---|---|---|---|---|---|---|
r-devel-linux-x86_64-debian-clang | 3.1-4 | 643.78 | 430.50 | 1074.28 | OK | |
r-devel-linux-x86_64-debian-gcc | 3.1-4 | 437.15 | 307.50 | 744.65 | OK | |
r-devel-linux-x86_64-fedora-clang | 3.1-4 | 1475.46 | NOTE | |||
r-devel-linux-x86_64-fedora-gcc | 3.1-4 | 1356.66 | OK | |||
r-devel-windows-ix86+x86_64 | 3.1-4 | 1476.00 | 592.00 | 2068.00 | NOTE | |
r-patched-linux-x86_64 | 3.1-4 | 500.66 | 410.12 | 910.78 | OK | |
r-patched-solaris-x86 | 3.1-4 | 1590.50 | NOTE | |||
r-release-linux-x86_64 | 3.1-4 | 527.42 | 409.96 | 937.38 | OK | |
r-release-macos-x86_64 | 3.1-4 | NOTE | ||||
r-release-windows-ix86+x86_64 | 3.1-4 | 1129.00 | 458.00 | 1587.00 | NOTE | |
r-oldrel-macos-x86_64 | 3.1-4 | NOTE | ||||
r-oldrel-windows-ix86+x86_64 | 3.1-4 | 1221.00 | 583.00 | 1804.00 | NOTE |
Version: 3.1-4
Check: installed package size
Result: NOTE
installed size is 33.7Mb
sub-directories of 1Mb or more:
doc 2.9Mb
libs 29.3Mb
Flavors: r-devel-linux-x86_64-fedora-clang, r-devel-windows-ix86+x86_64, r-patched-solaris-x86, r-release-macos-x86_64, r-release-windows-ix86+x86_64, r-oldrel-macos-x86_64, r-oldrel-windows-ix86+x86_64