Last updated on 2021-03-04 00:47:53 CET.
Flavor | Version | Tinstall | Tcheck | Ttotal | Status | Flags |
---|---|---|---|---|---|---|
r-devel-linux-x86_64-debian-clang | 1.8.0 | 14.82 | 338.57 | 353.39 | OK | |
r-devel-linux-x86_64-debian-gcc | 1.8.0 | 11.37 | 237.03 | 248.40 | OK | |
r-devel-linux-x86_64-fedora-clang | 1.8.0 | 400.54 | NOTE | |||
r-devel-linux-x86_64-fedora-gcc | 1.8.0 | 399.08 | OK | |||
r-devel-windows-ix86+x86_64 | 1.8.0 | 27.00 | 381.00 | 408.00 | NOTE | |
r-patched-linux-x86_64 | 1.8.0 | 12.52 | 311.78 | 324.30 | OK | |
r-patched-solaris-x86 | 1.8.0 | 429.50 | NOTE | |||
r-release-linux-x86_64 | 1.8.0 | 12.93 | 308.70 | 321.63 | OK | |
r-release-macos-x86_64 | 1.8.0 | NOTE | ||||
r-release-windows-ix86+x86_64 | 1.8.0 | 18.00 | 267.00 | 285.00 | NOTE | |
r-oldrel-macos-x86_64 | 1.8.0 | NOTE | ||||
r-oldrel-windows-ix86+x86_64 | 1.8.0 | 22.00 | 382.00 | 404.00 | NOTE |
Version: 1.8.0
Check: installed package size
Result: NOTE
installed size is 5.9Mb
sub-directories of 1Mb or more:
R 1.8Mb
doc 3.4Mb
Flavors: r-devel-linux-x86_64-fedora-clang, r-devel-windows-ix86+x86_64, r-patched-solaris-x86, r-release-macos-x86_64, r-release-windows-ix86+x86_64, r-oldrel-macos-x86_64, r-oldrel-windows-ix86+x86_64