CRAN Package Check Results for Package baystability

Last updated on 2021-03-04 00:47:53 CET.

Flavor Version Tinstall Tcheck Ttotal Status Flags
r-devel-linux-x86_64-debian-clang 0.1.0 13.88 125.78 139.66 OK
r-devel-linux-x86_64-debian-gcc 0.1.0 10.90 94.77 105.67 OK
r-devel-linux-x86_64-fedora-clang 0.1.0 175.24 NOTE
r-devel-linux-x86_64-fedora-gcc 0.1.0 162.82 NOTE
r-devel-windows-ix86+x86_64 0.1.0 33.00 146.00 179.00 OK
r-patched-linux-x86_64 0.1.0 13.45 116.10 129.55 OK
r-patched-solaris-x86 0.1.0 235.50 NOTE
r-release-linux-x86_64 0.1.0 13.87 116.21 130.08 OK
r-release-macos-x86_64 0.1.0 NOTE
r-release-windows-ix86+x86_64 0.1.0 26.00 118.00 144.00 OK
r-oldrel-macos-x86_64 0.1.0 NOTE
r-oldrel-windows-ix86+x86_64 0.1.0 29.00 142.00 171.00 OK

Check Details

Version: 0.1.0
Check: dependencies in R code
Result: NOTE
    Namespaces in Imports field not imported from:
     ‘ggfortify’ ‘ggplot2’ ‘matrixStats’ ‘reshape2’ ‘scales’
     All declared Imports should be used.
Flavors: r-devel-linux-x86_64-fedora-clang, r-devel-linux-x86_64-fedora-gcc, r-patched-solaris-x86, r-release-macos-x86_64, r-oldrel-macos-x86_64