CRAN Package Check Results for Package bibliometrix

Last updated on 2021-03-04 00:47:53 CET.

Flavor Version Tinstall Tcheck Ttotal Status Flags
r-devel-linux-x86_64-debian-clang 3.0.4 22.31 195.72 218.03 OK
r-devel-linux-x86_64-debian-gcc 3.0.4 16.39 145.75 162.14 OK
r-devel-linux-x86_64-fedora-clang 3.0.4 275.77 NOTE
r-devel-linux-x86_64-fedora-gcc 3.0.4 214.54 OK
r-devel-windows-ix86+x86_64 3.0.4 59.00 234.00 293.00 OK
r-patched-linux-x86_64 3.0.4 16.54 186.40 202.94 OK
r-patched-solaris-x86 3.0.4 358.70 OK
r-release-linux-x86_64 3.0.4 15.31 186.37 201.68 OK
r-release-macos-x86_64 3.0.4 OK
r-release-windows-ix86+x86_64 3.0.4 34.00 188.00 222.00 OK
r-oldrel-macos-x86_64 3.0.4 OK
r-oldrel-windows-ix86+x86_64 3.0.4 40.00 220.00 260.00 OK

Check Details

Version: 3.0.4
Check: package dependencies
Result: NOTE
    Imports includes 21 non-default packages.
    Importing from so many packages makes the package vulnerable to any of
    them becoming unavailable. Move as many as possible to Suggests and
    use conditionally.
Flavor: r-devel-linux-x86_64-fedora-clang