CRAN Package Check Results for Package biglasso

Last updated on 2021-03-04 00:47:53 CET.

Flavor Version Tinstall Tcheck Ttotal Status Flags
r-devel-linux-x86_64-debian-clang 1.4.1 93.22 105.87 199.09 OK
r-devel-linux-x86_64-debian-gcc 1.4.1 66.97 80.50 147.47 OK
r-devel-linux-x86_64-fedora-clang 1.4.1 273.82 NOTE
r-devel-linux-x86_64-fedora-gcc 1.4.1 249.70 OK
r-devel-windows-ix86+x86_64 1.4.1 240.00 210.00 450.00 OK
r-patched-linux-x86_64 1.4.1 78.05 99.26 177.31 OK
r-patched-solaris-x86 1.4.1 350.10 OK
r-release-linux-x86_64 1.4.1 78.12 98.60 176.72 OK
r-release-macos-x86_64 1.4.1 OK
r-release-windows-ix86+x86_64 1.4.1 174.00 176.00 350.00 OK
r-oldrel-macos-x86_64 1.4.1 OK
r-oldrel-windows-ix86+x86_64 1.4.1 180.00 198.00 378.00 OK

Additional issues

rchk

Check Details

Version: 1.4.1
Check: installed package size
Result: NOTE
     installed size is 5.4Mb
     sub-directories of 1Mb or more:
     libs 4.5Mb
Flavor: r-devel-linux-x86_64-fedora-clang