Last updated on 2021-03-04 00:47:53 CET.
Flavor | Version | Tinstall | Tcheck | Ttotal | Status | Flags |
---|---|---|---|---|---|---|
r-devel-linux-x86_64-debian-clang | 3.4.6 | 41.61 | 279.54 | 321.15 | NOTE | |
r-devel-linux-x86_64-debian-gcc | 3.4.6 | 33.42 | 207.24 | 240.66 | NOTE | |
r-devel-linux-x86_64-fedora-clang | 3.4.6 | 395.95 | NOTE | |||
r-devel-linux-x86_64-fedora-gcc | 3.4.6 | 380.78 | NOTE | |||
r-devel-windows-ix86+x86_64 | 3.4.6 | 91.00 | 313.00 | 404.00 | OK | |
r-patched-linux-x86_64 | 3.4.6 | 41.61 | 261.76 | 303.37 | NOTE | |
r-patched-solaris-x86 | 3.4.6 | 462.60 | NOTE | |||
r-release-linux-x86_64 | 3.4.6 | 41.26 | 256.50 | 297.76 | NOTE | |
r-release-macos-x86_64 | 3.4.6 | OK | ||||
r-release-windows-ix86+x86_64 | 3.4.6 | 64.00 | 237.00 | 301.00 | OK | |
r-oldrel-macos-x86_64 | 3.4.6 | OK | ||||
r-oldrel-windows-ix86+x86_64 | 3.4.6 | 78.00 | 292.00 | 370.00 | OK |
Version: 3.4.6
Check: for non-standard things in the check directory
Result: NOTE
Found the following files/directories:
'GuloGulo'
Flavors: r-devel-linux-x86_64-debian-clang, r-devel-linux-x86_64-debian-gcc, r-devel-linux-x86_64-fedora-clang, r-devel-linux-x86_64-fedora-gcc, r-patched-linux-x86_64, r-patched-solaris-x86, r-release-linux-x86_64
Version: 3.4.6
Check: package dependencies
Result: NOTE
Imports includes 27 non-default packages.
Importing from so many packages makes the package vulnerable to any of
them becoming unavailable. Move as many as possible to Suggests and
use conditionally.
Flavor: r-devel-linux-x86_64-fedora-clang