Last updated on 2021-03-04 00:47:53 CET.
Flavor | Version | Tinstall | Tcheck | Ttotal | Status | Flags |
---|---|---|---|---|---|---|
r-devel-linux-x86_64-debian-clang | 0.1 | 7.41 | 81.44 | 88.85 | OK | |
r-devel-linux-x86_64-debian-gcc | 0.1 | 6.95 | 62.96 | 69.91 | OK | |
r-devel-linux-x86_64-fedora-clang | 0.1 | 118.01 | NOTE | |||
r-devel-linux-x86_64-fedora-gcc | 0.1 | 106.22 | NOTE | |||
r-devel-windows-ix86+x86_64 | 0.1 | 20.00 | 103.00 | 123.00 | OK | |
r-patched-linux-x86_64 | 0.1 | 8.90 | 75.70 | 84.60 | OK | |
r-patched-solaris-x86 | 0.1 | 161.10 | NOTE | |||
r-release-linux-x86_64 | 0.1 | 9.58 | 75.99 | 85.57 | OK | |
r-release-macos-x86_64 | 0.1 | NOTE | ||||
r-release-windows-ix86+x86_64 | 0.1 | 16.00 | 74.00 | 90.00 | OK | |
r-oldrel-macos-x86_64 | 0.1 | NOTE | ||||
r-oldrel-windows-ix86+x86_64 | 0.1 | 18.00 | 93.00 | 111.00 | OK |
Version: 0.1
Check: dependencies in R code
Result: NOTE
Namespace in Imports field not imported from: ‘MASS’
All declared Imports should be used.
Flavors: r-devel-linux-x86_64-fedora-clang, r-devel-linux-x86_64-fedora-gcc, r-patched-solaris-x86, r-release-macos-x86_64, r-oldrel-macos-x86_64