Last updated on 2021-03-04 00:47:54 CET.
Flavor | Version | Tinstall | Tcheck | Ttotal | Status | Flags |
---|---|---|---|---|---|---|
r-devel-linux-x86_64-debian-clang | 1.0.0 | 7.48 | 86.78 | 94.26 | OK | |
r-devel-linux-x86_64-debian-gcc | 1.0.0 | 6.46 | 64.84 | 71.30 | OK | |
r-devel-linux-x86_64-fedora-clang | 1.0.0 | 118.76 | NOTE | |||
r-devel-linux-x86_64-fedora-gcc | 1.0.0 | 109.50 | NOTE | |||
r-devel-windows-ix86+x86_64 | 1.0.0 | 17.00 | 111.00 | 128.00 | OK | |
r-patched-linux-x86_64 | 1.0.0 | 7.45 | 81.26 | 88.71 | OK | |
r-patched-solaris-x86 | 1.0.0 | 151.20 | NOTE | |||
r-release-linux-x86_64 | 1.0.0 | 7.35 | 80.31 | 87.66 | OK | |
r-release-macos-x86_64 | 1.0.0 | NOTE | ||||
r-release-windows-ix86+x86_64 | 1.0.0 | 17.00 | 114.00 | 131.00 | OK | |
r-oldrel-macos-x86_64 | 1.0.0 | NOTE | ||||
r-oldrel-windows-ix86+x86_64 | 1.0.0 | 14.00 | 108.00 | 122.00 | OK |
Version: 1.0.0
Check: dependencies in R code
Result: NOTE
Namespaces in Imports field not imported from:
‘paletteer’ ‘png’ ‘scales’
All declared Imports should be used.
Flavors: r-devel-linux-x86_64-fedora-clang, r-devel-linux-x86_64-fedora-gcc, r-patched-solaris-x86, r-release-macos-x86_64, r-oldrel-macos-x86_64