Last updated on 2021-03-04 00:47:54 CET.
Flavor | Version | Tinstall | Tcheck | Ttotal | Status | Flags |
---|---|---|---|---|---|---|
r-devel-linux-x86_64-debian-clang | 1.3-2 | 5.34 | 53.85 | 59.19 | OK | |
r-devel-linux-x86_64-debian-gcc | 1.3-2 | 4.64 | 42.47 | 47.11 | OK | |
r-devel-linux-x86_64-fedora-clang | 1.3-2 | 82.17 | OK | |||
r-devel-linux-x86_64-fedora-gcc | 1.3-2 | 71.68 | OK | |||
r-devel-windows-ix86+x86_64 | 1.3-2 | 13.00 | 82.00 | 95.00 | OK | |
r-patched-linux-x86_64 | 1.3-2 | 5.69 | 52.16 | 57.85 | OK | |
r-patched-solaris-x86 | 1.3-2 | 104.10 | OK | |||
r-release-linux-x86_64 | 1.3-2 | 5.21 | 51.82 | 57.03 | OK | |
r-release-macos-x86_64 | 1.3-2 | OK | ||||
r-release-windows-ix86+x86_64 | 1.3-2 | 9.00 | 59.00 | 68.00 | OK | |
r-oldrel-macos-x86_64 | 1.3-2 | WARN | ||||
r-oldrel-windows-ix86+x86_64 | 1.3-2 | 11.00 | 96.00 | 107.00 | OK |
Version: 1.3-2
Check: whether package can be installed
Result: WARN
Found the following significant warnings:
Warning: 'rgl.init' failed, running with 'rgl.useNULL = TRUE'.
Flavor: r-oldrel-macos-x86_64