Last updated on 2021-03-04 00:47:54 CET.
Flavor | Version | Tinstall | Tcheck | Ttotal | Status | Flags |
---|---|---|---|---|---|---|
r-devel-linux-x86_64-debian-clang | 0.1.0 | 9.68 | 74.24 | 83.92 | OK | |
r-devel-linux-x86_64-debian-gcc | 0.1.0 | 9.26 | 57.74 | 67.00 | OK | |
r-devel-linux-x86_64-fedora-clang | 0.1.0 | 114.46 | NOTE | |||
r-devel-linux-x86_64-fedora-gcc | 0.1.0 | 103.48 | NOTE | |||
r-devel-windows-ix86+x86_64 | 0.1.0 | 24.00 | 112.00 | 136.00 | OK | |
r-patched-linux-x86_64 | 0.1.0 | 8.18 | 69.89 | 78.07 | OK | |
r-patched-solaris-x86 | 0.1.0 | 144.20 | NOTE | |||
r-release-linux-x86_64 | 0.1.0 | 7.73 | 70.68 | 78.41 | OK | |
r-release-macos-x86_64 | 0.1.0 | NOTE | ||||
r-release-windows-ix86+x86_64 | 0.1.0 | 19.00 | 87.00 | 106.00 | OK | |
r-oldrel-macos-x86_64 | 0.1.0 | WARN | ||||
r-oldrel-windows-ix86+x86_64 | 0.1.0 | 20.00 | 103.00 | 123.00 | OK |
Version: 0.1.0
Check: dependencies in R code
Result: NOTE
Namespaces in Imports field not imported from:
‘CCA’ ‘brainR’ ‘elasticnet’
All declared Imports should be used.
Flavors: r-devel-linux-x86_64-fedora-clang, r-devel-linux-x86_64-fedora-gcc, r-patched-solaris-x86, r-release-macos-x86_64, r-oldrel-macos-x86_64
Version: 0.1.0
Check: whether package can be installed
Result: WARN
Found the following significant warnings:
Warning: 'rgl_init' failed, running with rgl.useNULL = TRUE
Flavor: r-oldrel-macos-x86_64