Last updated on 2021-03-04 00:47:54 CET.
Flavor | Version | Tinstall | Tcheck | Ttotal | Status | Flags |
---|---|---|---|---|---|---|
r-devel-linux-x86_64-debian-clang | 0.3.5 | 7.62 | 539.84 | 547.46 | OK | |
r-devel-linux-x86_64-debian-gcc | 0.3.5 | 5.08 | 396.09 | 401.17 | OK | |
r-devel-linux-x86_64-fedora-clang | 0.3.5 | 653.05 | NOTE | |||
r-devel-linux-x86_64-fedora-gcc | 0.3.5 | 594.65 | NOTE | |||
r-devel-windows-ix86+x86_64 | 0.3.5 | 15.00 | 617.00 | 632.00 | OK | |
r-patched-linux-x86_64 | 0.3.5 | 6.36 | 550.80 | 557.16 | OK | |
r-patched-solaris-x86 | 0.3.5 | 816.90 | NOTE | |||
r-release-linux-x86_64 | 0.3.5 | 5.93 | 551.65 | 557.58 | OK | |
r-release-macos-x86_64 | 0.3.5 | NOTE | ||||
r-release-windows-ix86+x86_64 | 0.3.5 | 11.00 | 503.00 | 514.00 | OK | |
r-oldrel-macos-x86_64 | 0.3.5 | NOTE | ||||
r-oldrel-windows-ix86+x86_64 | 0.3.5 | 11.00 | 620.00 | 631.00 | OK |
Version: 0.3.5
Check: dependencies in R code
Result: NOTE
Namespace in Imports field not imported from: ‘scales’
All declared Imports should be used.
Flavors: r-devel-linux-x86_64-fedora-clang, r-devel-linux-x86_64-fedora-gcc, r-patched-solaris-x86, r-release-macos-x86_64, r-oldrel-macos-x86_64