Last updated on 2021-03-04 00:47:54 CET.
Flavor | Version | Tinstall | Tcheck | Ttotal | Status | Flags |
---|---|---|---|---|---|---|
r-devel-linux-x86_64-debian-clang | 0.2.6 | 12.62 | 193.38 | 206.00 | NOTE | |
r-devel-linux-x86_64-debian-gcc | 0.2.6 | 9.76 | 143.80 | 153.56 | NOTE | |
r-devel-linux-x86_64-fedora-clang | 0.2.6 | 251.76 | NOTE | |||
r-devel-linux-x86_64-fedora-gcc | 0.2.6 | 250.85 | NOTE | |||
r-devel-windows-ix86+x86_64 | 0.2.6 | 22.00 | 223.00 | 245.00 | NOTE | |
r-patched-linux-x86_64 | 0.2.6 | 10.97 | 179.10 | 190.07 | NOTE | |
r-patched-solaris-x86 | 0.2.6 | 349.60 | NOTE | |||
r-release-linux-x86_64 | 0.2.6 | 10.94 | 179.16 | 190.10 | NOTE | |
r-release-macos-x86_64 | 0.2.6 | NOTE | ||||
r-release-windows-ix86+x86_64 | 0.2.6 | 19.00 | 170.00 | 189.00 | NOTE | |
r-oldrel-macos-x86_64 | 0.2.6 | NOTE | ||||
r-oldrel-windows-ix86+x86_64 | 0.2.6 | 24.00 | 215.00 | 239.00 | NOTE |
Version: 0.2.6
Check: package dependencies
Result: NOTE
Package suggested but not available for checking: 'glmmADMB'
Flavors: r-devel-linux-x86_64-debian-clang, r-devel-linux-x86_64-debian-gcc, r-devel-linux-x86_64-fedora-clang, r-devel-linux-x86_64-fedora-gcc, r-devel-windows-ix86+x86_64, r-patched-linux-x86_64, r-patched-solaris-x86, r-release-linux-x86_64, r-release-macos-x86_64, r-release-windows-ix86+x86_64, r-oldrel-macos-x86_64, r-oldrel-windows-ix86+x86_64