Last updated on 2021-03-04 00:47:54 CET.
Flavor | Version | Tinstall | Tcheck | Ttotal | Status | Flags |
---|---|---|---|---|---|---|
r-devel-linux-x86_64-debian-clang | 1.1.3 | 12.14 | 99.90 | 112.04 | OK | |
r-devel-linux-x86_64-debian-gcc | 1.1.3 | 9.85 | 73.06 | 82.91 | OK | |
r-devel-linux-x86_64-fedora-clang | 1.1.3 | 139.39 | NOTE | |||
r-devel-linux-x86_64-fedora-gcc | 1.1.3 | 127.82 | NOTE | |||
r-devel-windows-ix86+x86_64 | 1.1.3 | 28.00 | 117.00 | 145.00 | OK | |
r-patched-linux-x86_64 | 1.1.3 | 12.25 | 92.49 | 104.74 | OK | |
r-patched-solaris-x86 | 1.1.3 | 194.30 | NOTE | |||
r-release-linux-x86_64 | 1.1.3 | 11.26 | 90.60 | 101.86 | OK | |
r-release-macos-x86_64 | 1.1.3 | NOTE | ||||
r-release-windows-ix86+x86_64 | 1.1.3 | 20.00 | 88.00 | 108.00 | OK | |
r-oldrel-macos-x86_64 | 1.1.3 | NOTE | ||||
r-oldrel-windows-ix86+x86_64 | 1.1.3 | 23.00 | 109.00 | 132.00 | OK |
Version: 1.1.3
Check: dependencies in R code
Result: NOTE
Namespaces in Imports field not imported from:
‘rworldxtra’ ‘sp’
All declared Imports should be used.
Flavors: r-devel-linux-x86_64-fedora-clang, r-devel-linux-x86_64-fedora-gcc, r-patched-solaris-x86, r-release-macos-x86_64, r-oldrel-macos-x86_64