CRAN Package Check Results for Package bvls

Last updated on 2021-03-04 00:47:54 CET.

Flavor Version Tinstall Tcheck Ttotal Status Flags
r-devel-linux-x86_64-debian-clang 1.4 2.80 20.45 23.25 NOTE
r-devel-linux-x86_64-debian-gcc 1.4 2.15 15.89 18.04 NOTE
r-devel-linux-x86_64-fedora-clang 1.4 37.70 NOTE
r-devel-linux-x86_64-fedora-gcc 1.4 27.53 NOTE
r-devel-windows-ix86+x86_64 1.4 7.00 36.00 43.00 NOTE
r-patched-linux-x86_64 1.4 2.78 19.82 22.60 NOTE
r-patched-solaris-x86 1.4 42.50 NOTE
r-release-linux-x86_64 1.4 2.76 19.93 22.69 NOTE
r-release-macos-x86_64 1.4 NOTE
r-release-windows-ix86+x86_64 1.4 6.00 29.00 35.00 NOTE
r-oldrel-macos-x86_64 1.4 NOTE
r-oldrel-windows-ix86+x86_64 1.4 7.00 46.00 53.00 NOTE

Check Details

Version: 1.4
Check: DESCRIPTION meta-information
Result: NOTE
    Malformed Description field: should contain one or more complete sentences.
Flavors: r-devel-linux-x86_64-debian-clang, r-devel-linux-x86_64-debian-gcc, r-devel-linux-x86_64-fedora-clang, r-devel-linux-x86_64-fedora-gcc, r-devel-windows-ix86+x86_64, r-patched-linux-x86_64, r-patched-solaris-x86, r-release-linux-x86_64, r-release-macos-x86_64, r-release-windows-ix86+x86_64, r-oldrel-macos-x86_64, r-oldrel-windows-ix86+x86_64

Version: 1.4
Check: Rd cross-references
Result: NOTE
    Undeclared packages ‘quadprog’, ‘nnls’ in Rd xrefs
Flavor: r-devel-linux-x86_64-fedora-clang

Version: 1.4
Check: compiled code
Result: NOTE
    File ‘bvls/libs/bvls.so’:
     Found no calls to: ‘R_registerRoutines’, ‘R_useDynamicSymbols’
    
    It is good practice to register native routines and to disable symbol
    search.
    
    See ‘Writing portable packages’ in the ‘Writing R Extensions’ manual.
Flavors: r-devel-linux-x86_64-fedora-clang, r-devel-linux-x86_64-fedora-gcc