Last updated on 2021-03-04 00:47:54 CET.
Flavor | Version | Tinstall | Tcheck | Ttotal | Status | Flags |
---|---|---|---|---|---|---|
r-devel-linux-x86_64-debian-clang | 3.0-4 | 3.58 | 20.97 | 24.55 | OK | |
r-devel-linux-x86_64-debian-gcc | 3.0-4 | 3.15 | 16.53 | 19.68 | OK | |
r-devel-linux-x86_64-fedora-clang | 3.0-4 | 39.25 | NOTE | |||
r-devel-linux-x86_64-fedora-gcc | 3.0-4 | 30.40 | OK | |||
r-devel-windows-ix86+x86_64 | 3.0-4 | 7.00 | 33.00 | 40.00 | OK | |
r-patched-linux-x86_64 | 3.0-4 | 3.30 | 20.91 | 24.21 | OK | |
r-patched-solaris-x86 | 3.0-4 | 43.40 | OK | |||
r-release-linux-x86_64 | 3.0-4 | 3.16 | 20.79 | 23.95 | OK | |
r-release-macos-x86_64 | 3.0-4 | OK | ||||
r-release-windows-ix86+x86_64 | 3.0-4 | 7.00 | 27.00 | 34.00 | OK | |
r-oldrel-macos-x86_64 | 3.0-4 | OK | ||||
r-oldrel-windows-ix86+x86_64 | 3.0-4 | 9.00 | 40.00 | 49.00 | OK |
Version: 3.0-4
Check: Rd cross-references
Result: NOTE
Undeclared package ‘car’ in Rd xrefs
Flavor: r-devel-linux-x86_64-fedora-clang