CRAN Package Check Results for Package cem

Last updated on 2021-03-04 00:47:54 CET.

Flavor Version Tinstall Tcheck Ttotal Status Flags
r-devel-linux-x86_64-debian-clang 1.1.27 15.52 108.31 123.83 OK
r-devel-linux-x86_64-debian-gcc 1.1.27 10.97 82.16 93.13 OK
r-devel-linux-x86_64-fedora-clang 1.1.27 162.65 OK
r-devel-linux-x86_64-fedora-gcc 1.1.27 152.42 OK
r-devel-windows-ix86+x86_64 1.1.27 20.00 124.00 144.00 OK
r-patched-linux-x86_64 1.1.27 12.83 103.32 116.15 OK
r-patched-solaris-x86 1.1.27 206.20 OK
r-release-linux-x86_64 1.1.27 13.91 102.88 116.79 OK
r-release-macos-x86_64 1.1.27 OK
r-release-windows-ix86+x86_64 1.1.27 15.00 92.00 107.00 OK
r-oldrel-macos-x86_64 1.1.27 WARN
r-oldrel-windows-ix86+x86_64 1.1.27 16.00 135.00 151.00 OK

Check Details

Version: 1.1.27
Check: dependencies in R code
Result: NOTE
    No protocol specified
    No protocol specified
Flavor: r-oldrel-macos-x86_64

Version: 1.1.27
Check: S3 generic/method consistency
Result: WARN
    No protocol specified
    No protocol specified
    See section ‘Generic functions and methods’ in the ‘Writing R
    Extensions’ manual.
Flavor: r-oldrel-macos-x86_64

Version: 1.1.27
Check: replacement functions
Result: WARN
    No protocol specified
    No protocol specified
    The argument of a replacement function which corresponds to the right
    hand side must be named ‘value’.
Flavor: r-oldrel-macos-x86_64

Version: 1.1.27
Check: foreign function calls
Result: NOTE
    No protocol specified
    No protocol specified
    See chapter ‘System and foreign language interfaces’ in the ‘Writing R
    Extensions’ manual.
Flavor: r-oldrel-macos-x86_64

Version: 1.1.27
Check: R code for possible problems
Result: NOTE
    No protocol specified
    No protocol specified
Flavor: r-oldrel-macos-x86_64

Version: 1.1.27
Check: for missing documentation entries
Result: WARN
    No protocol specified
    No protocol specified
    All user-level objects in a package should have documentation entries.
    See chapter ‘Writing R documentation files’ in the ‘Writing R
    Extensions’ manual.
Flavor: r-oldrel-macos-x86_64

Version: 1.1.27
Check: for code/documentation mismatches
Result: WARN
    No protocol specified
    No protocol specified
    No protocol specified
    No protocol specified
    No protocol specified
    No protocol specified
Flavor: r-oldrel-macos-x86_64

Version: 1.1.27
Check: Rd \usage sections
Result: NOTE
    No protocol specified
    No protocol specified
    The \usage entries for S3 methods should use the \method markup and not
    their full name.
    See chapter ‘Writing R documentation files’ in the ‘Writing R
    Extensions’ manual.
Flavor: r-oldrel-macos-x86_64