Last updated on 2021-03-04 00:47:54 CET.
Flavor | Version | Tinstall | Tcheck | Ttotal | Status | Flags |
---|---|---|---|---|---|---|
r-devel-linux-x86_64-debian-clang | 1.0-0.4 | 2.45 | 85.19 | 87.64 | NOTE | |
r-devel-linux-x86_64-debian-gcc | 1.0-0.4 | 2.03 | 59.20 | 61.23 | NOTE | |
r-devel-linux-x86_64-fedora-clang | 1.0-0.4 | 111.03 | NOTE | |||
r-devel-linux-x86_64-fedora-gcc | 1.0-0.4 | 101.34 | NOTE | |||
r-devel-windows-ix86+x86_64 | 1.0-0.4 | 5.00 | 101.00 | 106.00 | NOTE | |
r-patched-linux-x86_64 | 1.0-0.4 | 2.43 | 81.17 | 83.60 | NOTE | |
r-patched-solaris-x86 | 1.0-0.4 | 126.40 | NOTE | |||
r-release-linux-x86_64 | 1.0-0.4 | 2.74 | 79.64 | 82.38 | NOTE | |
r-release-macos-x86_64 | 1.0-0.4 | NOTE | ||||
r-release-windows-ix86+x86_64 | 1.0-0.4 | 4.00 | 101.00 | 105.00 | NOTE | |
r-oldrel-macos-x86_64 | 1.0-0.4 | NOTE | ||||
r-oldrel-windows-ix86+x86_64 | 1.0-0.4 | 33.00 | 109.00 | 142.00 | NOTE |
Version: 1.0-0.4
Check: DESCRIPTION meta-information
Result: NOTE
Malformed Description field: should contain one or more complete sentences.
Flavors: r-devel-linux-x86_64-debian-clang, r-devel-linux-x86_64-debian-gcc, r-devel-linux-x86_64-fedora-clang, r-devel-linux-x86_64-fedora-gcc, r-devel-windows-ix86+x86_64, r-patched-linux-x86_64, r-patched-solaris-x86, r-release-linux-x86_64, r-release-macos-x86_64, r-release-windows-ix86+x86_64, r-oldrel-macos-x86_64, r-oldrel-windows-ix86+x86_64
Version: 1.0-0.4
Check: R code for possible problems
Result: NOTE
Qh.times.dhyper: no visible global function definition for 'var'
Qh.times.dhyper: no visible global function definition for 'pnorm'
Qh.times.dhyper: no visible global function definition for 'dhyper'
TDiM: no visible global function definition for 'sd'
choplump.default: no visible global function definition for
'flush.console'
choplump.formula: no visible global function definition for 'terms'
cm.compact: no visible global function definition for 'dhyper'
Undefined global functions or variables:
dhyper flush.console pnorm sd terms var
Consider adding
importFrom("stats", "dhyper", "pnorm", "sd", "terms", "var")
importFrom("utils", "flush.console")
to your NAMESPACE file.
Flavors: r-devel-linux-x86_64-debian-clang, r-devel-linux-x86_64-debian-gcc, r-devel-linux-x86_64-fedora-clang, r-devel-linux-x86_64-fedora-gcc, r-devel-windows-ix86+x86_64, r-patched-linux-x86_64, r-patched-solaris-x86, r-release-linux-x86_64, r-release-macos-x86_64, r-release-windows-ix86+x86_64, r-oldrel-macos-x86_64, r-oldrel-windows-ix86+x86_64