Last updated on 2021-03-04 00:47:55 CET.
Flavor | Version | Tinstall | Tcheck | Ttotal | Status | Flags |
---|---|---|---|---|---|---|
r-devel-linux-x86_64-debian-clang | 0.9.2 | 7.53 | 173.72 | 181.25 | NOTE | |
r-devel-linux-x86_64-debian-gcc | 0.9.2 | 5.99 | 123.98 | 129.97 | NOTE | |
r-devel-linux-x86_64-fedora-clang | 0.9.2 | 216.02 | NOTE | |||
r-devel-linux-x86_64-fedora-gcc | 0.9.2 | 198.70 | NOTE | |||
r-devel-windows-ix86+x86_64 | 0.9.2 | 17.00 | 234.00 | 251.00 | OK | |
r-patched-linux-x86_64 | 0.9.2 | 7.04 | 161.96 | 169.00 | NOTE | |
r-patched-solaris-x86 | 0.9.2 | 376.10 | WARN | |||
r-release-linux-x86_64 | 0.9.2 | 7.02 | 161.82 | 168.84 | NOTE | |
r-release-macos-x86_64 | 0.9.2 | WARN | ||||
r-release-windows-ix86+x86_64 | 0.9.2 | 14.00 | 198.00 | 212.00 | OK | |
r-oldrel-macos-x86_64 | 0.9.2 | WARN | ||||
r-oldrel-windows-ix86+x86_64 | 0.9.2 | 15.00 | 253.00 | 268.00 | OK |
Version: 0.9.2
Check: package dependencies
Result: NOTE
Package suggested but not available for checking: 'userfriendlyscience'
Flavors: r-devel-linux-x86_64-debian-clang, r-devel-linux-x86_64-debian-gcc, r-devel-linux-x86_64-fedora-clang, r-devel-linux-x86_64-fedora-gcc, r-patched-linux-x86_64, r-patched-solaris-x86, r-release-linux-x86_64
Version: 0.9.2
Check: dependencies in R code
Result: NOTE
Namespaces in Imports field not imported from:
‘graphics’ ‘jsonlite’ ‘rlang’ ‘tidyselect’ ‘vctrs’
All declared Imports should be used.
Flavors: r-devel-linux-x86_64-fedora-clang, r-devel-linux-x86_64-fedora-gcc, r-patched-solaris-x86, r-release-macos-x86_64, r-oldrel-macos-x86_64
Version: 0.9.2
Check: data for non-ASCII characters
Result: NOTE
Note: found 65 marked UTF-8 strings
Flavors: r-devel-linux-x86_64-fedora-clang, r-devel-linux-x86_64-fedora-gcc, r-patched-solaris-x86, r-release-macos-x86_64, r-oldrel-macos-x86_64
Version: 0.9.2
Check: re-building of vignette outputs
Result: WARN
Error(s) in re-building vignettes:
...
--- re-building ‘codebook.Rmd’ using rmarkdown
Warning in engine$weave(file, quiet = quiet, encoding = enc) :
Pandoc (>= 1.12.3) and/or pandoc-citeproc not available. Falling back to R Markdown v1.
Attaching package: 'labelled'
The following object is masked from 'package:codebook':
to_factor
Failed with error: 'there is no package called 'GGally''
Failed with error: 'there is no package called 'GGally''
Failed with error: 'there is no package called 'GGally''
Failed with error: 'there is no package called 'GGally''
Failed with error: 'there is no package called 'GGally''
Failed with error: 'there is no package called 'GGally''
Failed with error: 'there is no package called 'GGally''
Failed with error: 'there is no package called 'GGally''
Failed with error: 'there is no package called 'GGally''
Failed with error: 'there is no package called 'GGally''
Quitting from lines NA-15 (codebook.Rmd)
Error: processing vignette 'codebook.Rmd' failed with diagnostics:
invalid 'path' argument
--- failed re-building ‘codebook.Rmd’
--- re-building ‘codebook_qualtrics.Rmd’ using rmarkdown
Warning in engine$weave(file, quiet = quiet, encoding = enc) :
Pandoc (>= 1.12.3) and/or pandoc-citeproc not available. Falling back to R Markdown v1.
Attaching package: 'dplyr'
The following objects are masked from 'package:stats':
filter, lag
The following objects are masked from 'package:base':
intersect, setdiff, setequal, union
Quitting from lines NA-15 (codebook_qualtrics.Rmd)
Error: processing vignette 'codebook_qualtrics.Rmd' failed with diagnostics:
invalid 'path' argument
--- failed re-building ‘codebook_qualtrics.Rmd’
--- re-building ‘codebook_sav.Rmd’ using rmarkdown
Warning in engine$weave(file, quiet = quiet, encoding = enc) :
Pandoc (>= 1.12.3) and/or pandoc-citeproc not available. Falling back to R Markdown v1.
Attaching package: 'dplyr'
The following objects are masked from 'package:stats':
filter, lag
The following objects are masked from 'package:base':
intersect, setdiff, setequal, union
Quitting from lines NA-15 (codebook_sav.Rmd)
Error: processing vignette 'codebook_sav.Rmd' failed with diagnostics:
invalid 'path' argument
--- failed re-building ‘codebook_sav.Rmd’
--- re-building ‘codebook_tutorial.Rmd’ using rmarkdown
Warning in engine$weave(file, quiet = quiet, encoding = enc) :
Pandoc (>= 1.12.3) and/or pandoc-citeproc not available. Falling back to R Markdown v1.
Attaching package: 'dplyr'
The following objects are masked from 'package:stats':
filter, lag
The following objects are masked from 'package:base':
intersect, setdiff, setequal, union
Failed with error: 'there is no package called 'GGally''
Failed with error: 'there is no package called 'GGally''
Failed with error: 'there is no package called 'GGally''
Failed with error: 'there is no package called 'GGally''
Quitting from lines NA-15 (codebook_tutorial.Rmd)
Error: processing vignette 'codebook_tutorial.Rmd' failed with diagnostics:
invalid 'path' argument
--- failed re-building ‘codebook_tutorial.Rmd’
SUMMARY: processing the following files failed:
‘codebook.Rmd’ ‘codebook_qualtrics.Rmd’ ‘codebook_sav.Rmd’
‘codebook_tutorial.Rmd’
Error: Vignette re-building failed.
Execution halted
Flavor: r-patched-solaris-x86
Version: 0.9.2
Check: re-building of vignette outputs
Result: WARN
Error(s) in re-building vignettes:
--- re-building ‘codebook.Rmd’ using rmarkdown
Warning in engine$weave(file, quiet = quiet, encoding = enc) :
Pandoc (>= 1.12.3) and/or pandoc-citeproc not available. Falling back to R Markdown v1.
Attaching package: 'labelled'
The following object is masked from 'package:codebook':
to_factor
Quitting from lines NA-15 (codebook.Rmd)
Error: processing vignette 'codebook.Rmd' failed with diagnostics:
cannot open the connection
--- failed re-building ‘codebook.Rmd’
--- re-building ‘codebook_qualtrics.Rmd’ using rmarkdown
Warning in engine$weave(file, quiet = quiet, encoding = enc) :
Pandoc (>= 1.12.3) and/or pandoc-citeproc not available. Falling back to R Markdown v1.
Attaching package: 'dplyr'
The following objects are masked from 'package:stats':
filter, lag
The following objects are masked from 'package:base':
intersect, setdiff, setequal, union
Warning: Unknown or uninitialised column: `foreign`.
Warning: Unknown or uninitialised column: `foreign`.
Warning: Unknown or uninitialised column: `foreign`.
Warning in if (grepl("labelled", class(x[[i]]))) { :
the condition has length > 1 and only the first element will be used
Warning: Unknown or uninitialised column: `foreign`.
Warning in if (grepl("labelled", class(x[[i]]))) { :
the condition has length > 1 and only the first element will be used
Warning: Unknown or uninitialised column: `foreign`.
Warning: Unknown or uninitialised column: `foreign`.
Warning: Unknown or uninitialised column: `foreign`.
Warning: Unknown or uninitialised column: `foreign`.
Warning: Unknown or uninitialised column: `foreign`.
Warning: Unknown or uninitialised column: `foreign`.
Warning: Unknown or uninitialised column: `foreign`.
Warning: Unknown or uninitialised column: `foreign`.
Warning in if (grepl("labelled", class(x[[i]]))) { :
the condition has length > 1 and only the first element will be used
Warning: Unknown or uninitialised column: `foreign`.
Warning in if (grepl("labelled", class(x[[i]]))) { :
the condition has length > 1 and only the first element will be used
Warning: Unknown or uninitialised column: `foreign`.
Warning in if (grepl("labelled", class(x[[i]]))) { :
the condition has length > 1 and only the first element will be used
Warning: Unknown or uninitialised column: `foreign`.
Warning in if (grepl("labelled", class(x[[i]]))) { :
the condition has length > 1 and only the first element will be used
Warning: Unknown or uninitialised column: `foreign`.
Warning in if (grepl("labelled", class(x[[i]]))) { :
the condition has length > 1 and only the first element will be used
Warning: Unknown or uninitialised column: `foreign`.
Warning in if (grepl("labelled", class(x[[i]]))) { :
the condition has length > 1 and only the first element will be used
Warning: Unknown or uninitialised column: `foreign`.
Warning in if (grepl("labelled", class(x[[i]]))) { :
the condition has length > 1 and only the first element will be used
Warning: Unknown or uninitialised column: `foreign`.
Warning in if (grepl("labelled", class(x[[i]]))) { :
the condition has length > 1 and only the first element will be used
Warning: Unknown or uninitialised column: `foreign`.
Warning in if (grepl("labelled", class(x[[i]]))) { :
the condition has length > 1 and only the first element will be used
Warning: Unknown or uninitialised column: `foreign`.
Warning in if (grepl("labelled", class(x[[i]]))) { :
the condition has length > 1 and only the first element will be used
Warning: Unknown or uninitialised column: `foreign`.
Warning in if (grepl("labelled", class(x[[i]]))) { :
the condition has length > 1 and only the first element will be used
Warning: Unknown or uninitialised column: `foreign`.
Warning: Unknown or uninitialised column: `foreign`.
Warning in if (grepl("labelled", class(x[[i]]))) { :
the condition has length > 1 and only the first element will be used
Warning: Unknown or uninitialised column: `foreign`.
Warning in if (grepl("labelled", class(x[[i]]))) { :
the condition has length > 1 and only the first element will be used
Warning: Unknown or uninitialised column: `foreign`.
Warning in if (grepl("labelled", class(x[[i]]))) { :
the condition has length > 1 and only the first element will be used
Warning: Unknown or uninitialised column: `foreign`.
Warning in if (grepl("labelled", class(x[[i]]))) { :
the condition has length > 1 and only the first element will be used
Warning: Unknown or uninitialised column: `foreign`.
Warning in if (grepl("labelled", class(x[[i]]))) { :
the condition has length > 1 and only the first element will be used
Warning: Unknown or uninitialised column: `foreign`.
Warning in if (grepl("labelled", class(x[[i]]))) { :
the condition has length > 1 and only the first element will be used
Warning: Unknown or uninitialised column: `foreign`.
Warning: Unknown or uninitialised column: `foreign`.
Warning: Unknown or uninitialised column: `foreign`.
Warning: Unknown or uninitialised column: `foreign`.
Warning: Unknown or uninitialised column: `foreign`.
Warning: Unknown or uninitialised column: `foreign`.
Quitting from lines NA-15 (codebook_qualtrics.Rmd)
Error: processing vignette 'codebook_qualtrics.Rmd' failed with diagnostics:
cannot open the connection
--- failed re-building ‘codebook_qualtrics.Rmd’
--- re-building ‘codebook_sav.Rmd’ using rmarkdown
Warning in engine$weave(file, quiet = quiet, encoding = enc) :
Pandoc (>= 1.12.3) and/or pandoc-citeproc not available. Falling back to R Markdown v1.
Attaching package: 'dplyr'
The following objects are masked from 'package:stats':
filter, lag
The following objects are masked from 'package:base':
intersect, setdiff, setequal, union
Quitting from lines NA-15 (codebook_sav.Rmd)
Error: processing vignette 'codebook_sav.Rmd' failed with diagnostics:
cannot open the connection
--- failed re-building ‘codebook_sav.Rmd’
--- re-building ‘codebook_tutorial.Rmd’ using rmarkdown
Warning in engine$weave(file, quiet = quiet, encoding = enc) :
Pandoc (>= 1.12.3) and/or pandoc-citeproc not available. Falling back to R Markdown v1.
Attaching package: 'dplyr'
The following objects are masked from 'package:stats':
filter, lag
The following objects are masked from 'package:base':
intersect, setdiff, setequal, union
Quitting from lines NA-15 (codebook_tutorial.Rmd)
Error: processing vignette 'codebook_tutorial.Rmd' failed with diagnostics:
cannot open the connection
--- failed re-building ‘codebook_tutorial.Rmd’
SUMMARY: processing the following files failed:
‘codebook.Rmd’ ‘codebook_qualtrics.Rmd’ ‘codebook_sav.Rmd’
‘codebook_tutorial.Rmd’
Error: Vignette re-building failed.
Execution halted
Flavors: r-release-macos-x86_64, r-oldrel-macos-x86_64