CRAN Package Check Results for Package colorBlindness

Last updated on 2021-03-04 00:47:55 CET.

Flavor Version Tinstall Tcheck Ttotal Status Flags
r-devel-linux-x86_64-debian-clang 0.1.6 4.85 62.23 67.08 OK
r-devel-linux-x86_64-debian-gcc 0.1.6 3.84 46.84 50.68 OK
r-devel-linux-x86_64-fedora-clang 0.1.6 87.34 NOTE
r-devel-linux-x86_64-fedora-gcc 0.1.6 80.90 OK
r-devel-windows-ix86+x86_64 0.1.6 15.00 76.00 91.00 NOTE
r-patched-linux-x86_64 0.1.6 5.17 57.19 62.36 OK
r-patched-solaris-x86 0.1.6 106.30 NOTE
r-release-linux-x86_64 0.1.6 4.89 57.37 62.26 OK
r-release-macos-x86_64 0.1.6 NOTE
r-release-windows-ix86+x86_64 0.1.6 14.00 65.00 79.00 NOTE
r-oldrel-macos-x86_64 0.1.6 NOTE
r-oldrel-windows-ix86+x86_64 0.1.6 12.00 79.00 91.00 NOTE

Check Details

Version: 0.1.6
Check: installed package size
Result: NOTE
     installed size is 5.3Mb
     sub-directories of 1Mb or more:
     doc 5.0Mb
Flavors: r-devel-linux-x86_64-fedora-clang, r-devel-windows-ix86+x86_64, r-patched-solaris-x86, r-release-macos-x86_64, r-release-windows-ix86+x86_64, r-oldrel-macos-x86_64, r-oldrel-windows-ix86+x86_64