CRAN Package Check Results for Package concurve

Last updated on 2021-03-04 00:47:55 CET.

Flavor Version Tinstall Tcheck Ttotal Status Flags
r-devel-linux-x86_64-debian-clang 2.7.7 14.96 159.63 174.59 OK
r-devel-linux-x86_64-debian-gcc 2.7.7 12.16 117.72 129.88 OK
r-devel-linux-x86_64-fedora-clang 2.7.7 219.45 NOTE
r-devel-linux-x86_64-fedora-gcc 2.7.7 204.43 OK
r-devel-windows-ix86+x86_64 2.7.7 37.00 178.00 215.00 OK
r-patched-linux-x86_64 2.7.7 12.49 150.04 162.53 OK
r-patched-solaris-x86 2.7.7 301.10 OK
r-release-linux-x86_64 2.7.7 11.92 148.04 159.96 OK
r-release-macos-x86_64 2.7.7 OK
r-release-windows-ix86+x86_64 2.7.7 29.00 141.00 170.00 OK
r-oldrel-macos-x86_64 2.7.7 ERROR
r-oldrel-windows-ix86+x86_64 2.5.0 31.00 337.00 368.00 OK

Check Details

Version: 2.7.7
Check: Rd cross-references
Result: NOTE
    Undeclared package ‘rlang’ in Rd xrefs
Flavor: r-devel-linux-x86_64-fedora-clang

Version: 2.7.7
Check: whether package can be installed
Result: ERROR
    Installation failed.
Flavor: r-oldrel-macos-x86_64